CRAN Package Check Results for Package spass

Last updated on 2021-07-24 07:49:40 CEST.

Flavor Version Tinstall Tcheck Ttotal Status Flags
r-devel-linux-x86_64-debian-clang 1.3 35.00 111.35 146.35 NOTE
r-devel-linux-x86_64-debian-gcc 1.3 23.31 81.83 105.14 NOTE
r-devel-linux-x86_64-fedora-clang 1.3 188.38 NOTE
r-devel-linux-x86_64-fedora-gcc 1.3 169.93 NOTE
r-devel-windows-x86_64 1.3 33.00 106.00 139.00 NOTE
r-devel-windows-x86_64-gcc10-UCRT 1.3 NOTE
r-patched-linux-x86_64 1.3 27.15 107.64 134.79 NOTE
r-patched-solaris-x86 1.3 234.80 NOTE
r-release-linux-x86_64 1.3 25.89 106.94 132.83 NOTE
r-release-macos-arm64 1.3 NOTE
r-release-macos-x86_64 1.3 NOTE
r-release-windows-ix86+x86_64 1.3 73.00 144.00 217.00 NOTE
r-oldrel-macos-x86_64 1.3 OK
r-oldrel-windows-ix86+x86_64 1.3 75.00 197.00 272.00 OK

Check Details

Version: 1.3
Check: LazyData
Result: NOTE
     'LazyData' is specified without a 'data' directory
Flavors: r-devel-linux-x86_64-debian-clang, r-devel-linux-x86_64-debian-gcc, r-devel-linux-x86_64-fedora-clang, r-devel-linux-x86_64-fedora-gcc, r-devel-windows-x86_64, r-devel-windows-x86_64-gcc10-UCRT, r-patched-linux-x86_64, r-patched-solaris-x86, r-release-linux-x86_64, r-release-macos-arm64, r-release-macos-x86_64, r-release-windows-ix86+x86_64