CRAN Package Check Results for Package sparkline

Last updated on 2021-09-19 07:50:48 CEST.

Flavor Version Tinstall Tcheck Ttotal Status Flags
r-devel-linux-x86_64-debian-clang 2.0 2.33 27.24 29.57 OK
r-devel-linux-x86_64-debian-gcc 2.0 1.70 21.93 23.63 OK
r-devel-linux-x86_64-fedora-clang 2.0 44.71 OK
r-devel-linux-x86_64-fedora-gcc 2.0 37.83 OK
r-devel-windows-x86_64 2.0 3.00 61.00 64.00 OK
r-devel-windows-x86_64-gcc10-UCRT 2.0 ERROR
r-patched-linux-x86_64 2.0 2.49 26.51 29.00 OK
r-patched-solaris-x86 2.0 54.70 OK
r-release-linux-x86_64 2.0 2.29 26.68 28.97 OK
r-release-macos-arm64 2.0 WARN
r-release-macos-x86_64 2.0 WARN
r-release-windows-ix86+x86_64 2.0 8.00 32.00 40.00 OK
r-oldrel-macos-x86_64 2.0 WARN
r-oldrel-windows-ix86+x86_64 2.0 5.00 35.00 40.00 OK

Check Details

Version: 2.0
Check: whether package can be installed
Result: WARN
    Found the following significant warnings:
     WARNING: installation-time patches will not be applied, could not get the patches index
Flavor: r-devel-windows-x86_64-gcc10-UCRT

Version: 2.0
Check: PDF version of manual
Result: WARN
    LaTeX errors when creating PDF version.
    This typically indicates Rd problems.
Flavor: r-devel-windows-x86_64-gcc10-UCRT

Version: 2.0
Check: PDF version of manual without hyperrefs or index
Result: ERROR
    Re-running with no redirection of stdout/stderr.
Flavor: r-devel-windows-x86_64-gcc10-UCRT

Version: 2.0
Check: re-building of vignette outputs
Result: WARN
    Error(s) in re-building vignettes:
     ...
    --- re-building ‘intro_sparkline.Rmd’ using rmarkdown
    Pandoc is required to build R Markdown vignettes but not available. Please make sure it is installed.
    Quitting from lines 20-30 (intro_sparkline.Rmd)
    Error: processing vignette 'intro_sparkline.Rmd' failed with diagnostics:
    values must be length 1,
     but FUN(X[[1]]) result is length 3
    --- failed re-building ‘intro_sparkline.Rmd’
    
    SUMMARY: processing the following file failed:
     ‘intro_sparkline.Rmd’
    
    Error: Vignette re-building failed.
    Execution halted
Flavor: r-release-macos-arm64

Version: 2.0
Check: re-building of vignette outputs
Result: WARN
    Error(s) in re-building vignettes:
     ...
    --- re-building ‘intro_sparkline.Rmd’ using rmarkdown
    Warning in engine$weave(file, quiet = quiet, encoding = enc) :
     Pandoc (>= 1.12.3) not available. Falling back to R Markdown v1.
    PhantomJS not found. You can install it with webshot::install_phantomjs(). If it is installed, please make sure the phantomjs executable can be found via the PATH variable.
    PhantomJS not found. You can install it with webshot::install_phantomjs(). If it is installed, please make sure the phantomjs executable can be found via the PATH variable.
    Quitting from lines 20-30 (intro_sparkline.Rmd)
    Error: processing vignette 'intro_sparkline.Rmd' failed with diagnostics:
    invalid 'path' argument
    --- failed re-building ‘intro_sparkline.Rmd’
    
    SUMMARY: processing the following file failed:
     ‘intro_sparkline.Rmd’
    
    Error: Vignette re-building failed.
    Execution halted
Flavor: r-release-macos-x86_64

Version: 2.0
Check: re-building of vignette outputs
Result: WARN
    Error(s) in re-building vignettes:
     ...
    --- re-building ‘intro_sparkline.Rmd’ using rmarkdown
    Warning in engine$weave(file, quiet = quiet, encoding = enc) :
     Pandoc (>= 1.12.3) and/or pandoc-citeproc not available. Falling back to R Markdown v1.
    PhantomJS not found. You can install it with webshot::install_phantomjs(). If it is installed, please make sure the phantomjs executable can be found via the PATH variable.
    Warning in normalizePath(f2) :
     path[1]="webshot9895bb23bf.png": No such file or directory
    Warning in file(con, "rb") :
     cannot open file 'webshot9895bb23bf.png': No such file or directory
    Quitting from lines 20-30 (intro_sparkline.Rmd)
    Error: processing vignette 'intro_sparkline.Rmd' failed with diagnostics:
    cannot open the connection
    --- failed re-building ‘intro_sparkline.Rmd’
    
    SUMMARY: processing the following file failed:
     ‘intro_sparkline.Rmd’
    
    Error: Vignette re-building failed.
    Execution halted
Flavor: r-oldrel-macos-x86_64