CRAN Package Check Results for Package spacyr

Last updated on 2021-08-03 07:54:44 CEST.

Flavor Version Tinstall Tcheck Ttotal Status Flags
r-devel-linux-x86_64-debian-clang 1.2.1 9.85 81.17 91.02 OK
r-devel-linux-x86_64-debian-gcc 1.2.1 7.62 60.34 67.96 OK
r-devel-linux-x86_64-fedora-clang 1.2.1 114.49 NOTE
r-devel-linux-x86_64-fedora-gcc 1.2.1 104.98 NOTE
r-devel-windows-x86_64 1.2.1 11.00 104.00 115.00 OK
r-devel-windows-x86_64-gcc10-UCRT 1.2.1 NOTE
r-patched-linux-x86_64 1.2.1 10.54 76.04 86.58 OK
r-patched-solaris-x86 1.2.1 153.80 NOTE
r-release-linux-x86_64 1.2.1 9.35 76.61 85.96 OK
r-release-macos-arm64 1.2.1 NOTE
r-release-macos-x86_64 1.2.1 NOTE
r-release-windows-ix86+x86_64 1.2.1 21.00 98.00 119.00 OK
r-oldrel-macos-x86_64 1.2.1 NOTE
r-oldrel-windows-ix86+x86_64 1.2.1 15.00 103.00 118.00 OK

Check Details

Version: 1.2.1
Check: data for non-ASCII characters
Result: NOTE
     Note: found 1 marked UTF-8 string
Flavors: r-devel-linux-x86_64-fedora-clang, r-devel-linux-x86_64-fedora-gcc, r-devel-windows-x86_64-gcc10-UCRT, r-patched-solaris-x86, r-release-macos-arm64, r-release-macos-x86_64, r-oldrel-macos-x86_64