CRAN Package Check Results for Package spaMM

Last updated on 2021-09-16 07:50:10 CEST.

Flavor Version Tinstall Tcheck Ttotal Status Flags
r-devel-linux-x86_64-debian-clang 3.9.0 206.39 291.15 497.54 WARN
r-devel-linux-x86_64-debian-gcc 3.9.0 164.23 218.88 383.11 OK
r-devel-linux-x86_64-fedora-clang 3.9.0 653.80 WARN
r-devel-linux-x86_64-fedora-gcc 3.9.0 625.06 OK
r-devel-windows-x86_64 3.9.0 136.00 217.00 353.00 OK
r-devel-windows-x86_64-gcc10-UCRT 3.9.0 OK
r-patched-linux-x86_64 3.8.23 192.48 275.36 467.84 OK
r-patched-solaris-x86 3.9.0 534.80 OK
r-release-linux-x86_64 3.9.0 181.84 280.23 462.07 OK
r-release-macos-arm64 3.8.23 NOTE
r-release-macos-x86_64 3.9.0 WARN
r-release-windows-ix86+x86_64 3.8.23 404.00 299.00 703.00 NOTE
r-oldrel-macos-x86_64 3.9.0 WARN
r-oldrel-windows-ix86+x86_64 3.9.0 396.00 395.00 791.00 NOTE

Check Details

Version: 3.9.0
Check: whether package can be installed
Result: WARN
    Found the following significant warnings:
     spaMM_linear.cpp:488:78: warning: explicitly assigning value of variable of type 'bool' to itself [-Wself-assign]
     spaMM_linear.cpp:490:66: warning: explicitly assigning value of variable of type 'bool' to itself [-Wself-assign]
Flavors: r-devel-linux-x86_64-debian-clang, r-devel-linux-x86_64-fedora-clang, r-release-macos-x86_64, r-oldrel-macos-x86_64

Version: 3.9.0
Check: installed package size
Result: NOTE
     installed size is 36.2Mb
     sub-directories of 1Mb or more:
     R 2.0Mb
     libs 33.1Mb
Flavors: r-devel-linux-x86_64-fedora-clang, r-release-macos-x86_64, r-oldrel-macos-x86_64, r-oldrel-windows-ix86+x86_64

Version: 3.8.23
Check: installed package size
Result: NOTE
     installed size is 41.1Mb
     sub-directories of 1Mb or more:
     R 2.1Mb
     libs 37.9Mb
Flavors: r-release-macos-arm64, r-release-windows-ix86+x86_64