CRAN Package Check Results for Package sonicscrewdriver

Last updated on 2021-09-20 07:51:03 CEST.

Flavor Version Tinstall Tcheck Ttotal Status Flags
r-devel-linux-x86_64-debian-clang 0.0.4 9.57 96.38 105.95 OK
r-devel-linux-x86_64-debian-gcc 0.0.4 7.68 71.09 78.77 OK
r-devel-linux-x86_64-fedora-clang 0.0.4 134.57 NOTE
r-devel-linux-x86_64-fedora-gcc 0.0.4 121.13 NOTE
r-devel-windows-x86_64 0.0.4 13.00 94.00 107.00 OK
r-devel-windows-x86_64-gcc10-UCRT 0.0.4 ERROR
r-patched-linux-x86_64 0.0.4 10.70 90.19 100.89 OK
r-patched-solaris-x86 0.0.4 161.60 NOTE
r-release-linux-x86_64 0.0.4 10.20 88.92 99.12 OK
r-release-macos-arm64 0.0.4 NOTE
r-release-macos-x86_64 0.0.4 NOTE
r-release-windows-ix86+x86_64 0.0.4 24.00 92.00 116.00 OK
r-oldrel-macos-x86_64 0.0.4 NOTE
r-oldrel-windows-ix86+x86_64 0.0.4 21.00 87.00 108.00 OK

Check Details

Version: 0.0.4
Check: dependencies in R code
Result: NOTE
    Namespace in Imports field not imported from: ‘methods’
     All declared Imports should be used.
Flavors: r-devel-linux-x86_64-fedora-clang, r-devel-linux-x86_64-fedora-gcc, r-devel-windows-x86_64-gcc10-UCRT, r-patched-solaris-x86, r-release-macos-arm64, r-release-macos-x86_64, r-oldrel-macos-x86_64

Version: 0.0.4
Check: whether package can be installed
Result: WARN
    Found the following significant warnings:
     WARNING: installation-time patches will not be applied, could not get the patches index
Flavor: r-devel-windows-x86_64-gcc10-UCRT

Version: 0.0.4
Check: PDF version of manual
Result: WARN
    LaTeX errors when creating PDF version.
    This typically indicates Rd problems.
Flavor: r-devel-windows-x86_64-gcc10-UCRT

Version: 0.0.4
Check: PDF version of manual without hyperrefs or index
Result: ERROR
    Re-running with no redirection of stdout/stderr.
Flavor: r-devel-windows-x86_64-gcc10-UCRT

Version: 0.0.4
Check: package dependencies
Result: NOTE
    Package suggested but not available for checking: ‘av’
Flavor: r-patched-solaris-x86