CRAN Package Check Results for Package solitude

Last updated on 2021-07-31 07:51:00 CEST.

Flavor Version Tinstall Tcheck Ttotal Status Flags
r-devel-linux-x86_64-debian-clang 1.1.3 3.67 31.94 35.61 OK
r-devel-linux-x86_64-debian-gcc 1.1.3 2.65 24.83 27.48 OK
r-devel-linux-x86_64-fedora-clang 1.1.3 31.30 NOTE
r-devel-linux-x86_64-fedora-gcc 1.1.3 40.34 NOTE
r-devel-windows-x86_64 1.1.1 4.00 50.00 54.00 OK
r-devel-windows-x86_64-gcc10-UCRT 1.1.1 NOTE
r-patched-linux-x86_64 1.1.1 ERROR
r-patched-solaris-x86 1.1.3 62.90 NOTE
r-release-linux-x86_64 1.1.1 3.47 27.58 31.05 ERROR
r-release-macos-arm64 1.1.3 NOTE
r-release-macos-x86_64 1.1.1 NOTE
r-release-windows-ix86+x86_64 1.1.1 7.00 41.00 48.00 OK
r-oldrel-macos-x86_64 1.1.1 NOTE
r-oldrel-windows-ix86+x86_64 1.1.1 6.00 50.00 56.00 OK

Check Details

Version: 1.1.3
Check: dependencies in R code
Result: NOTE
    Namespaces in Imports field not imported from:
     ‘R6’ ‘lgr’
     All declared Imports should be used.
Flavors: r-devel-linux-x86_64-fedora-clang, r-devel-linux-x86_64-fedora-gcc, r-patched-solaris-x86, r-release-macos-arm64

Version: 1.1.1
Check: dependencies in R code
Result: NOTE
    Namespaces in Imports field not imported from:
     'R6' 'lgr'
     All declared Imports should be used.
Flavors: r-devel-windows-x86_64-gcc10-UCRT, r-release-macos-x86_64, r-oldrel-macos-x86_64

Version: 1.1.1
Check: package dependencies
Result: NOTE
    Package suggested but not available for checking: ‘mvoutlier’
Flavors: r-patched-linux-x86_64, r-release-linux-x86_64

Version: 1.1.1
Check: examples
Result: ERROR
    Running examples in ‘solitude-Ex.R’ failed
    The error most likely occurred in:
    
    > base::assign(".ptime", proc.time(), pos = "CheckExEnv")
    > ### Name: isolationForest
    > ### Title: Fit an Isolation Forest
    > ### Aliases: isolationForest
    >
    > ### ** Examples
    >
    > data("humus", package = "mvoutlier")
    Error in find.package(package, lib.loc, verbose = verbose) :
     there is no package called ‘mvoutlier’
    Calls: data -> find.package
    Execution halted
Flavors: r-patched-linux-x86_64, r-release-linux-x86_64