CRAN Package Check Results for Package socialmixr

Last updated on 2021-08-05 07:49:51 CEST.

Flavor Version Tinstall Tcheck Ttotal Status Flags
r-devel-linux-x86_64-debian-clang 0.1.8 7.06 121.41 128.47 OK
r-devel-linux-x86_64-debian-gcc 0.1.8 5.34 104.43 109.77 OK
r-devel-linux-x86_64-fedora-clang 0.1.8 146.69 OK
r-devel-linux-x86_64-fedora-gcc 0.1.8 132.61 OK
r-devel-windows-x86_64 0.1.8 11.00 123.00 134.00 OK
r-devel-windows-x86_64-gcc10-UCRT 0.1.8 ERROR
r-patched-linux-x86_64 0.1.8 7.66 112.75 120.41 OK
r-patched-solaris-x86 0.1.8 175.90 OK
r-release-linux-x86_64 0.1.8 7.30 107.40 114.70 OK
r-release-macos-arm64 0.1.8 WARN
r-release-macos-x86_64 0.1.8 OK
r-release-windows-ix86+x86_64 0.1.8 15.00 159.00 174.00 OK
r-oldrel-macos-x86_64 0.1.8 OK
r-oldrel-windows-ix86+x86_64 0.1.8 21.00 159.00 180.00 OK

Check Details

Version: 0.1.8
Check: package dependencies
Result: ERROR
    Package required but not available: 'oai'
    
    Packages suggested but not available for checking: 'testthat', 'ggplot2'
    
    See section 'The DESCRIPTION file' in the 'Writing R Extensions'
    manual.
Flavor: r-devel-windows-x86_64-gcc10-UCRT

Version: 0.1.8
Check: re-building of vignette outputs
Result: WARN
    Error(s) in re-building vignettes:
     ...
    --- re-building ‘introduction.Rmd’ using rmarkdown
    Warning in engine$weave(file, quiet = quiet, encoding = enc) :
     Pandoc (>= 1.12.3) not available. Falling back to R Markdown v1.
    Quitting from lines 163-167 (introduction.Rmd)
    Error: processing vignette 'introduction.Rmd' failed with diagnostics:
    polygon edge not found
    --- failed re-building ‘introduction.Rmd’
    
    SUMMARY: processing the following file failed:
     ‘introduction.Rmd’
    
    Error: Vignette re-building failed.
    Execution halted
Flavor: r-release-macos-arm64