CRAN Package Check Results for Package smicd

Last updated on 2021-07-25 07:50:18 CEST.

Flavor Version Tinstall Tcheck Ttotal Status Flags
r-devel-linux-x86_64-debian-clang 1.1.2 14.65 129.62 144.27 NOTE
r-devel-linux-x86_64-debian-gcc 1.1.2 12.80 94.19 106.99 OK
r-devel-linux-x86_64-fedora-clang 1.1.2 182.00 OK
r-devel-linux-x86_64-fedora-gcc 1.1.2 160.96 OK
r-devel-windows-x86_64 1.1.2 17.00 103.00 120.00 OK
r-devel-windows-x86_64-gcc10-UCRT 1.1.2 OK
r-patched-linux-x86_64 1.1.2 14.25 117.43 131.68 OK
r-patched-solaris-x86 1.1.2 227.40 OK
r-release-linux-x86_64 1.1.2 15.17 118.79 133.96 OK
r-release-macos-arm64 1.1.2 OK
r-release-macos-x86_64 1.1.2 OK
r-release-windows-ix86+x86_64 1.1.2 34.00 147.00 181.00 OK
r-oldrel-macos-x86_64 1.1.2 OK
r-oldrel-windows-ix86+x86_64 1.1.2 35.00 144.00 179.00 OK

Check Details

Version: 1.1.2
Check: package dependencies
Result: NOTE
    Package suggested but not available for checking: 'Kernelheaping'
Flavor: r-devel-linux-x86_64-debian-clang