CRAN Package Check Results for Package smacpod

Last updated on 2021-06-14 07:48:51 CEST.

Flavor Version Tinstall Tcheck Ttotal Status Flags
r-devel-linux-x86_64-debian-clang 2.1.1 3.12 77.33 80.45 OK
r-devel-linux-x86_64-debian-gcc 2.1.1 2.53 57.67 60.20 OK
r-devel-linux-x86_64-fedora-clang 2.1.1 107.04 NOTE
r-devel-linux-x86_64-fedora-gcc 2.1.1 95.02 NOTE
r-devel-windows-x86_64 2.1.1 6.00 110.00 116.00 OK
r-devel-windows-x86_64-gcc10-UCRT 2.1.1 NOTE
r-patched-linux-x86_64 2.1.1 8.95 75.33 84.28 OK
r-patched-solaris-x86 2.1.1 156.20 NOTE
r-release-linux-x86_64 2.1.1 2.50 72.09 74.59 OK
r-release-macos-arm64 2.1.1 NOTE
r-release-macos-x86_64 2.1.1 NOTE
r-release-windows-ix86+x86_64 2.1.1 14.00 103.00 117.00 OK
r-oldrel-macos-x86_64 2.1.1 NOTE
r-oldrel-windows-ix86+x86_64 2.1.1 7.00 104.00 111.00 OK

Check Details

Version: 2.1.1
Check: dependencies in R code
Result: NOTE
    Namespace in Imports field not imported from: ‘spatstat’
     All declared Imports should be used.
Flavors: r-devel-linux-x86_64-fedora-clang, r-devel-linux-x86_64-fedora-gcc, r-devel-windows-x86_64-gcc10-UCRT, r-patched-solaris-x86, r-release-macos-arm64, r-release-macos-x86_64, r-oldrel-macos-x86_64