CRAN Package Check Results for Package sitree

Last updated on 2021-08-04 07:49:54 CEST.

Flavor Version Tinstall Tcheck Ttotal Status Flags
r-devel-linux-x86_64-debian-clang 0.1-8 8.00 226.06 234.06 OK
r-devel-linux-x86_64-debian-gcc 0.1-8 6.09 125.68 131.77 OK
r-devel-linux-x86_64-fedora-clang 0.1-8 223.92 OK
r-devel-linux-x86_64-fedora-gcc 0.1-8 183.79 OK
r-devel-windows-x86_64 0.1-8 12.00 159.00 171.00 OK
r-devel-windows-x86_64-gcc10-UCRT 0.1-8 OK
r-patched-linux-x86_64 0.1-8 7.93 155.19 163.12 OK
r-patched-solaris-x86 0.1-8 219.50 OK
r-release-linux-x86_64 0.1-8 7.61 154.71 162.32 OK
r-release-macos-arm64 0.1-8 WARN
r-release-macos-x86_64 0.1-8 OK
r-release-windows-ix86+x86_64 0.1-8 20.00 163.00 183.00 OK
r-oldrel-macos-x86_64 0.1-8 OK
r-oldrel-windows-ix86+x86_64 0.1-8 15.00 163.00 178.00 OK

Check Details

Version: 0.1-8
Check: re-building of vignette outputs
Result: WARN
    Error(s) in re-building vignettes:
     ...
    --- re-building ‘TestEquations.Rmd’ using rmarkdown
    Warning in engine$weave(file, quiet = quiet, encoding = enc) :
     Pandoc (>= 1.12.3) not available. Falling back to R Markdown v1.
    Quitting from lines 231-242 (TestEquations.Rmd)
    Error: processing vignette 'TestEquations.Rmd' failed with diagnostics:
    polygon edge not found
    --- failed re-building ‘TestEquations.Rmd’
    
    SUMMARY: processing the following file failed:
     ‘TestEquations.Rmd’
    
    Error: Vignette re-building failed.
    Execution halted
Flavor: r-release-macos-arm64