CRAN Package Check Results for Package simstandard

Last updated on 2021-06-24 07:50:27 CEST.

Flavor Version Tinstall Tcheck Ttotal Status Flags
r-devel-linux-x86_64-debian-clang 0.6.3 2.84 48.67 51.51 OK
r-devel-linux-x86_64-debian-gcc 0.6.3 2.59 37.13 39.72 OK
r-devel-linux-x86_64-fedora-clang 0.6.3 69.39 OK
r-devel-linux-x86_64-fedora-gcc 0.6.3 61.17 OK
r-devel-windows-x86_64 0.6.3 6.00 75.00 81.00 OK
r-devel-windows-x86_64-gcc10-UCRT 0.6.3 NOTE
r-patched-linux-x86_64 0.6.3 3.37 46.31 49.68 OK
r-patched-solaris-x86 0.6.3 89.70 OK
r-release-linux-x86_64 0.6.3 3.04 46.38 49.42 OK
r-release-macos-arm64 0.6.3 OK
r-release-macos-x86_64 0.6.3 OK
r-release-windows-ix86+x86_64 0.6.3 6.00 76.00 82.00 OK
r-oldrel-macos-x86_64 0.6.3 OK

Check Details

Version: 0.6.3
Check: package dependencies
Result: NOTE
    Packages suggested but not available for checking: 'covr', 'badger'
Flavor: r-devel-windows-x86_64-gcc10-UCRT