CRAN Package Check Results for Package simPATHy

Last updated on 2021-07-31 07:50:59 CEST.

Flavor Version Tinstall Tcheck Ttotal Status Flags
r-devel-linux-x86_64-debian-clang 0.5 4.56 77.77 82.33 OK
r-devel-linux-x86_64-debian-gcc 0.5 3.26 58.28 61.54 OK
r-devel-linux-x86_64-fedora-clang 0.5 89.53 WARN
r-devel-linux-x86_64-fedora-gcc 0.5 96.26 OK
r-devel-windows-x86_64 0.5 6.00 104.00 110.00 OK
r-devel-windows-x86_64-gcc10-UCRT 0.5 OK
r-patched-linux-x86_64 0.5 OK
r-patched-solaris-x86 0.5 143.80 OK
r-release-linux-x86_64 0.5 3.97 73.00 76.97 OK
r-release-macos-arm64 0.5 ERROR
r-release-macos-x86_64 0.5 ERROR
r-release-windows-ix86+x86_64 0.5 10.00 101.00 111.00 OK
r-oldrel-macos-x86_64 0.5 ERROR
r-oldrel-windows-ix86+x86_64 0.5 9.00 105.00 114.00 OK

Additional issues

noSuggests

Check Details

Version: 0.5
Check: package dependencies
Result: NOTE
    Package suggested but not available for checking: ‘clipper’
Flavor: r-devel-linux-x86_64-fedora-clang

Version: 0.5
Check: re-building of vignette outputs
Result: WARN
    Error(s) in re-building vignettes:
    --- re-building ‘simPATHy.Rmd’ using rmarkdown
    Quitting from lines 263-269 (simPATHy.Rmd)
    Error: processing vignette 'simPATHy.Rmd' failed with diagnostics:
    there is no package called 'clipper'
    --- failed re-building ‘simPATHy.Rmd’
    
    SUMMARY: processing the following file failed:
     ‘simPATHy.Rmd’
    
    Error: Vignette re-building failed.
    Execution halted
Flavor: r-devel-linux-x86_64-fedora-clang

Version: 0.5
Check: package dependencies
Result: ERROR
    Packages required but not available: 'gRbase', 'qpgraph'
    
    Package suggested but not available for checking: ‘clipper’
    
    See section ‘The DESCRIPTION file’ in the ‘Writing R Extensions’
    manual.
Flavor: r-release-macos-arm64

Version: 0.5
Check: package dependencies
Result: ERROR
    Package required but not available: ‘qpgraph’
    
    Package suggested but not available for checking: ‘clipper’
    
    See section ‘The DESCRIPTION file’ in the ‘Writing R Extensions’
    manual.
Flavors: r-release-macos-x86_64, r-oldrel-macos-x86_64