CRAN Package Check Results for Package sicegar

Last updated on 2021-08-05 07:49:51 CEST.

Flavor Version Tinstall Tcheck Ttotal Status Flags
r-devel-linux-x86_64-debian-clang 0.2.4 3.08 98.66 101.74 OK
r-devel-linux-x86_64-debian-gcc 0.2.4 2.92 72.42 75.34 OK
r-devel-linux-x86_64-fedora-clang 0.2.4 124.95 NOTE
r-devel-linux-x86_64-fedora-gcc 0.2.4 120.14 NOTE
r-devel-windows-x86_64 0.2.4 6.00 104.00 110.00 OK
r-devel-windows-x86_64-gcc10-UCRT 0.2.4 ERROR
r-patched-linux-x86_64 0.2.4 3.65 93.42 97.07 OK
r-patched-solaris-x86 0.2.4 151.70 NOTE
r-release-linux-x86_64 0.2.4 2.72 93.35 96.07 OK
r-release-macos-arm64 0.2.4 WARN
r-release-macos-x86_64 0.2.4 NOTE
r-release-windows-ix86+x86_64 0.2.4 8.00 123.00 131.00 OK
r-oldrel-macos-x86_64 0.2.4 NOTE
r-oldrel-windows-ix86+x86_64 0.2.4 16.00 139.00 155.00 OK

Check Details

Version: 0.2.4
Check: dependencies in R code
Result: NOTE
    Namespace in Imports field not imported from: ‘dplyr’
     All declared Imports should be used.
Flavors: r-devel-linux-x86_64-fedora-clang, r-devel-linux-x86_64-fedora-gcc, r-patched-solaris-x86, r-release-macos-arm64, r-release-macos-x86_64, r-oldrel-macos-x86_64

Version: 0.2.4
Check: package dependencies
Result: ERROR
    Packages required but not available: 'dplyr', 'ggplot2'
    
    Packages suggested but not available for checking: 'cowplot', 'testthat'
    
    See section 'The DESCRIPTION file' in the 'Writing R Extensions'
    manual.
Flavor: r-devel-windows-x86_64-gcc10-UCRT

Version: 0.2.4
Check: re-building of vignette outputs
Result: WARN
    Error(s) in re-building vignettes:
    --- re-building ‘additional_parameters.Rmd’ using rmarkdown
    Warning in engine$weave(file, quiet = quiet, encoding = enc) :
     Pandoc (>= 1.12.3) not available. Falling back to R Markdown v1.
    Loading required package: sicegar
    Loading required package: dplyr
    
    Attaching package: 'dplyr'
    
    The following objects are masked from 'package:stats':
    
     filter, lag
    
    The following objects are masked from 'package:base':
    
     intersect, setdiff, setequal, union
    
    Loading required package: ggplot2
    --- finished re-building ‘additional_parameters.Rmd’
    
    --- re-building ‘categorizing_fits.Rmd’ using rmarkdown
    Warning in engine$weave(file, quiet = quiet, encoding = enc) :
     Pandoc (>= 1.12.3) not available. Falling back to R Markdown v1.
    Loading required package: sicegar
    Loading required package: dplyr
    
    Attaching package: 'dplyr'
    
    The following objects are masked from 'package:stats':
    
     filter, lag
    
    The following objects are masked from 'package:base':
    
     intersect, setdiff, setequal, union
    
    Loading required package: cowplot
    Warning in grid.Call(C_textBounds, as.graphicsAnnot(x$label), x$x, x$y, :
     no font could be found for family "Arial"
    Warning in grid.Call(C_textBounds, as.graphicsAnnot(x$label), x$x, x$y, :
     no font could be found for family "Arial"
    Quitting from lines 85-94 (categorizing_fits.Rmd)
    Error: processing vignette 'categorizing_fits.Rmd' failed with diagnostics:
    polygon edge not found
    --- failed re-building ‘categorizing_fits.Rmd’
    
    --- re-building ‘fitting_individual_models.Rmd’ using rmarkdown
    Warning in engine$weave(file, quiet = quiet, encoding = enc) :
     Pandoc (>= 1.12.3) not available. Falling back to R Markdown v1.
    Loading required package: sicegar
    Loading required package: dplyr
    
    Attaching package: 'dplyr'
    
    The following objects are masked from 'package:stats':
    
     filter, lag
    
    The following objects are masked from 'package:base':
    
     intersect, setdiff, setequal, union
    
    Loading required package: ggplot2
    --- finished re-building ‘fitting_individual_models.Rmd’
    
    --- re-building ‘introduction.Rmd’ using rmarkdown
    Warning in engine$weave(file, quiet = quiet, encoding = enc) :
     Pandoc (>= 1.12.3) not available. Falling back to R Markdown v1.
    Loading required package: sicegar
    Loading required package: dplyr
    
    Attaching package: 'dplyr'
    
    The following objects are masked from 'package:stats':
    
     filter, lag
    
    The following objects are masked from 'package:base':
    
     intersect, setdiff, setequal, union
    
    Loading required package: ggplot2
    Loading required package: cowplot
    Quitting from lines 57-71 (introduction.Rmd)
    Error: processing vignette 'introduction.Rmd' failed with diagnostics:
    polygon edge not found
    --- failed re-building ‘introduction.Rmd’
    
    --- re-building ‘plotting_fitted_models.Rmd’ using rmarkdown
    Warning in engine$weave(file, quiet = quiet, encoding = enc) :
     Pandoc (>= 1.12.3) not available. Falling back to R Markdown v1.
    Loading required package: sicegar
    Loading required package: dplyr
    
    Attaching package: 'dplyr'
    
    The following objects are masked from 'package:stats':
    
     filter, lag
    
    The following objects are masked from 'package:base':
    
     intersect, setdiff, setequal, union
    
    Loading required package: ggplot2
    Loading required package: cowplot
    Quitting from lines 68-73 (plotting_fitted_models.Rmd)
    Error: processing vignette 'plotting_fitted_models.Rmd' failed with diagnostics:
    polygon edge not found
    --- failed re-building ‘plotting_fitted_models.Rmd’
    
    SUMMARY: processing the following files failed:
     ‘categorizing_fits.Rmd’ ‘introduction.Rmd’
     ‘plotting_fitted_models.Rmd’
    
    Error: Vignette re-building failed.
    Execution halted
Flavor: r-release-macos-arm64