CRAN Package Check Results for Package shinystan

Last updated on 2021-08-03 07:54:43 CEST.

Flavor Version Tinstall Tcheck Ttotal Status Flags
r-devel-linux-x86_64-debian-clang 2.5.0 12.82 134.47 147.29 OK
r-devel-linux-x86_64-debian-gcc 2.5.0 11.24 100.08 111.32 OK
r-devel-linux-x86_64-fedora-clang 2.5.0 180.94 NOTE
r-devel-linux-x86_64-fedora-gcc 2.5.0 173.07 OK
r-devel-windows-x86_64 2.5.0 20.00 175.00 195.00 OK
r-devel-windows-x86_64-gcc10-UCRT 2.5.0 OK
r-patched-linux-x86_64 2.5.0 12.80 126.01 138.81 OK
r-patched-solaris-x86 2.5.0 256.90 OK
r-release-linux-x86_64 2.5.0 11.58 126.59 138.17 OK
r-release-macos-arm64 2.5.0 OK
r-release-macos-x86_64 2.5.0 OK
r-release-windows-ix86+x86_64 2.5.0 34.00 171.00 205.00 OK
r-oldrel-macos-x86_64 2.5.0 OK
r-oldrel-windows-ix86+x86_64 2.5.0 27.00 175.00 202.00 OK

Check Details

Version: 2.5.0
Check: Rd cross-references
Result: NOTE
    Undeclared package ‘brms’ in Rd xrefs
Flavor: r-devel-linux-x86_64-fedora-clang