CRAN Package Check Results for Package shinyMolBio

Last updated on 2021-09-19 07:50:47 CEST.

Flavor Version Tinstall Tcheck Ttotal Status Flags
r-devel-linux-x86_64-debian-clang 0.2 6.69 73.68 80.37 NOTE
r-devel-linux-x86_64-debian-gcc 0.2 6.43 55.34 61.77 NOTE
r-devel-linux-x86_64-fedora-clang 0.2 103.13 NOTE
r-devel-linux-x86_64-fedora-gcc 0.2 93.61 NOTE
r-devel-windows-x86_64 0.2 11.00 96.00 107.00 NOTE
r-devel-windows-x86_64-gcc10-UCRT 0.2 ERROR
r-patched-linux-x86_64 0.2 8.00 68.32 76.32 NOTE
r-patched-solaris-x86 0.2 136.40 NOTE
r-release-linux-x86_64 0.2 7.90 68.24 76.14 NOTE
r-release-macos-arm64 0.2 NOTE
r-release-macos-x86_64 0.2 NOTE
r-release-windows-ix86+x86_64 0.2 19.00 76.00 95.00 NOTE
r-oldrel-macos-x86_64 0.2 OK
r-oldrel-windows-ix86+x86_64 0.2 22.00 71.00 93.00 OK

Check Details

Version: 0.2
Check: LazyData
Result: NOTE
     'LazyData' is specified without a 'data' directory
Flavors: r-devel-linux-x86_64-debian-clang, r-devel-linux-x86_64-debian-gcc, r-devel-linux-x86_64-fedora-clang, r-devel-linux-x86_64-fedora-gcc, r-devel-windows-x86_64, r-patched-linux-x86_64, r-patched-solaris-x86, r-release-linux-x86_64, r-release-macos-arm64, r-release-macos-x86_64, r-release-windows-ix86+x86_64

Version: 0.2
Check: package dependencies
Result: ERROR
    Package required but not available: 'RDML'
    
    See section 'The DESCRIPTION file' in the 'Writing R Extensions'
    manual.
Flavor: r-devel-windows-x86_64-gcc10-UCRT