CRAN Package Check Results for Package shinyMatrix

Last updated on 2021-10-20 07:50:01 CEST.

Flavor Version Tinstall Tcheck Ttotal Status Flags
r-devel-linux-x86_64-debian-clang 0.6.0 3.39 32.01 35.40 OK
r-devel-linux-x86_64-debian-gcc 0.6.0 2.51 25.82 28.33 OK
r-devel-linux-x86_64-fedora-clang 0.6.0 53.85 OK
r-devel-linux-x86_64-fedora-gcc 0.6.0 42.48 OK
r-devel-windows-x86_64 0.6.0 7.00 45.00 52.00 OK
r-devel-windows-x86_64-gcc10-UCRT 0.6.0 OK
r-patched-linux-x86_64 0.6.0 3.17 31.64 34.81 OK
r-patched-solaris-x86 0.6.0 69.00 OK
r-release-linux-x86_64 0.6.0 2.56 32.50 35.06 OK
r-release-macos-arm64 0.6.0 OK
r-release-macos-x86_64 0.6.0 OK
r-release-windows-ix86+x86_64 0.6.0 8.00 57.00 65.00 OK
r-oldrel-macos-x86_64 0.6.0 OK
r-oldrel-windows-ix86+x86_64 0.6.0 2.00 9.00 11.00 ERROR

Check Details

Version: 0.6.0
Check: whether package can be installed
Result: ERROR
    Installation failed.
Flavor: r-oldrel-windows-ix86+x86_64