CRAN Package Check Results for Package shinipsum

Last updated on 2022-01-24 08:52:58 CET.

Flavor Version Tinstall Tcheck Ttotal Status Flags
r-devel-linux-x86_64-debian-clang 0.1.0 6.04 83.43 89.47 OK
r-devel-linux-x86_64-debian-gcc 0.1.0 5.45 62.02 67.47 OK
r-devel-linux-x86_64-fedora-clang 0.1.0 108.30 NOTE
r-devel-linux-x86_64-fedora-gcc 0.1.0 95.78 NOTE
r-devel-windows-x86_64-new-UL 0.1.0 31.00 110.00 141.00 OK
r-devel-windows-x86_64-new-TK 0.1.0 NOTE
r-patched-linux-x86_64 0.1.0 6.76 76.46 83.22 OK
r-release-linux-x86_64 0.1.0 4.42 77.17 81.59 OK
r-release-macos-arm64 0.1.0 NOTE
r-release-macos-x86_64 0.1.0 NOTE
r-release-windows-ix86+x86_64 0.1.0 17.00 100.00 117.00 OK
r-oldrel-macos-x86_64 0.1.0 NOTE
r-oldrel-windows-ix86+x86_64 0.1.0 17.00 101.00 118.00 OK

Check Details

Version: 0.1.0
Check: dependencies in R code
Result: NOTE
    Namespace in Imports field not imported from: ‘utils’
     All declared Imports should be used.
Flavors: r-devel-linux-x86_64-fedora-clang, r-devel-linux-x86_64-fedora-gcc, r-devel-windows-x86_64-new-TK, r-release-macos-arm64, r-release-macos-x86_64, r-oldrel-macos-x86_64