CRAN Package Check Results for Package sharpshootR

Last updated on 2021-05-12 07:48:41 CEST.

Flavor Version Tinstall Tcheck Ttotal Status Flags
r-devel-linux-x86_64-debian-clang 1.8.1 21.41 193.15 214.56 NOTE
r-devel-linux-x86_64-debian-gcc 1.8.1 16.99 142.31 159.30 NOTE
r-devel-linux-x86_64-fedora-clang 1.8.1 271.63 NOTE
r-devel-linux-x86_64-fedora-gcc 1.8.1 244.61 NOTE
r-devel-windows-ix86+x86_64 1.8.1 50.00 219.00 269.00 NOTE
r-devel-windows-x86_64-gcc10-UCRT 1.8.1 NOTE
r-patched-linux-x86_64 1.8.1 26.19 182.92 209.11 NOTE
r-patched-solaris-x86 1.8.1 366.40 NOTE
r-release-linux-x86_64 1.8.1 17.11 175.99 193.10 NOTE
r-release-macos-x86_64 1.8.1 NOTE
r-oldrel-macos-x86_64 1.8.1 ERROR

Check Details

Version: 1.8.1
Check: package dependencies
Result: NOTE
    Package suggested but not available for checking: 'hydromad'
Flavors: r-devel-linux-x86_64-debian-clang, r-devel-linux-x86_64-debian-gcc, r-devel-linux-x86_64-fedora-clang, r-devel-linux-x86_64-fedora-gcc, r-devel-windows-ix86+x86_64, r-devel-windows-x86_64-gcc10-UCRT, r-patched-linux-x86_64, r-patched-solaris-x86, r-release-linux-x86_64, r-release-macos-x86_64, r-oldrel-macos-x86_64

Version: 1.8.1
Check: whether package can be installed
Result: WARN
    Found the following significant warnings:
     Note: possible error in 'mixMunsell(chips, mixingMethod = mixingMethod)': unused argument (mixingMethod = mixingMethod)
     Note: possible error in 'mixMunsell(x = unlist(chip.combinations[i, ': unused argument (mixingMethod = mixingMethod)
    See ‘/Volumes/SSD-Data/Builds/R-dev-web/QA/Simon/packages/el-capitan-x86_64/results/3.6/sharpshootR.Rcheck/00install.out’ for details.
    Information on the location(s) of code generating the ‘Note’s can be
    obtained by re-running with environment variable R_KEEP_PKG_SOURCE set
    to ‘yes’.
Flavor: r-oldrel-macos-x86_64

Version: 1.8.1
Check: R code for possible problems
Result: NOTE
    .fillCenter: possible error in mixMunsell(chips, mixingMethod =
     mixingMethod): unused argument (mixingMethod = mixingMethod)
    .fillCombinations: possible error in mixMunsell(x =
     unlist(chip.combinations[i, 1:(n.chips - degree)]), mixingMethod =
     mixingMethod): unused argument (mixingMethod = mixingMethod)
Flavor: r-oldrel-macos-x86_64

Version: 1.8.1
Check: examples
Result: ERROR
    Running examples in ‘sharpshootR-Ex.R’ failed
    The error most likely occurred in:
    
    > ### Name: colorMixtureVenn
    > ### Title: Create a Venn Diagram of Simulated Color Mixtures
    > ### Aliases: colorMixtureVenn
    >
    > ### ** Examples
    >
    >
    > if(requireNamespace("venn") & requireNamespace("gower")) {
    +
    + # "tan" / "dark red" / "dark brown"
    + chips <- c('10YR 8/1', '2.5YR 3/6', '10YR 2/2')
    + colorMixtureVenn(chips)
    +
    + }
    Loading required namespace: venn
    Loading required namespace: gower
    Error in mixMunsell(x = unlist(chip.combinations[i, 1:(n.chips - degree)]), :
     unused argument (mixingMethod = mixingMethod)
    Calls: colorMixtureVenn -> .fillCombinations
    Execution halted
Flavor: r-oldrel-macos-x86_64