CRAN Package Check Results for Package sgPLS

Last updated on 2021-07-28 07:49:41 CEST.

Flavor Version Tinstall Tcheck Ttotal Status Flags
r-devel-linux-x86_64-debian-clang 1.7 OK
r-devel-linux-x86_64-debian-gcc 1.7 11.61 87.23 98.84 OK
r-devel-linux-x86_64-fedora-clang 1.7 162.02 OK
r-devel-linux-x86_64-fedora-gcc 1.7 159.98 OK
r-devel-windows-x86_64 1.7 18.00 138.00 156.00 OK
r-devel-windows-x86_64-gcc10-UCRT 1.7 OK
r-patched-linux-x86_64 1.7 20.76 112.35 133.11 OK
r-patched-solaris-x86 1.7 218.20 OK
r-release-linux-x86_64 1.7 12.56 110.33 122.89 OK
r-release-macos-arm64 1.7 ERROR
r-release-macos-x86_64 1.7 OK
r-release-windows-ix86+x86_64 1.7 24.00 143.00 167.00 OK
r-oldrel-macos-x86_64 1.7 OK
r-oldrel-windows-ix86+x86_64 1.7 27.00 140.00 167.00 OK

Check Details

Version: 1.7
Check: package dependencies
Result: ERROR
    Package required but not available: ‘mixOmics’
    
    See section ‘The DESCRIPTION file’ in the ‘Writing R Extensions’
    manual.
Flavor: r-release-macos-arm64