CRAN Package Check Results for Package setRNG

Last updated on 2021-09-22 07:51:38 CEST.

Flavor Version Tinstall Tcheck Ttotal Status Flags
r-devel-linux-x86_64-debian-clang 2013.9-1 1.98 25.38 27.36 NOTE
r-devel-linux-x86_64-debian-gcc 2013.9-1 1.49 20.58 22.07 NOTE
r-devel-linux-x86_64-fedora-clang 2013.9-1 43.34 NOTE
r-devel-linux-x86_64-fedora-gcc 2013.9-1 32.95 NOTE
r-devel-windows-x86_64 2013.9-1 3.00 31.00 34.00 NOTE
r-devel-windows-x86_64-gcc10-UCRT 2013.9-1 ERROR
r-patched-linux-x86_64 2013.9-1 2.01 25.09 27.10 NOTE
r-patched-solaris-x86 2013.9-1 51.80 NOTE
r-release-linux-x86_64 2013.9-1 1.51 24.91 26.42 NOTE
r-release-macos-arm64 2013.9-1 NOTE
r-release-macos-x86_64 2013.9-1 NOTE
r-release-windows-ix86+x86_64 2013.9-1 4.00 30.00 34.00 NOTE
r-oldrel-macos-x86_64 2013.9-1 NOTE
r-oldrel-windows-ix86+x86_64 2013.9-1 4.00 30.00 34.00 NOTE

Check Details

Version: 2013.9-1
Check: R code for possible problems
Result: NOTE
    random.number.test: no visible global function definition for 'runif'
    random.number.test: no visible global function definition for 'rnorm'
    setRNG: no visible global function definition for 'runif'
    Undefined global functions or variables:
     rnorm runif
    Consider adding
     importFrom("stats", "rnorm", "runif")
    to your NAMESPACE file.
Flavors: r-devel-linux-x86_64-debian-clang, r-devel-linux-x86_64-debian-gcc, r-devel-linux-x86_64-fedora-clang, r-devel-linux-x86_64-fedora-gcc, r-devel-windows-x86_64, r-devel-windows-x86_64-gcc10-UCRT, r-patched-linux-x86_64, r-patched-solaris-x86, r-release-linux-x86_64, r-release-macos-arm64, r-release-macos-x86_64, r-release-windows-ix86+x86_64, r-oldrel-macos-x86_64, r-oldrel-windows-ix86+x86_64

Version: 2013.9-1
Check: PDF version of manual
Result: WARN
    LaTeX errors when creating PDF version.
    This typically indicates Rd problems.
Flavor: r-devel-windows-x86_64-gcc10-UCRT

Version: 2013.9-1
Check: PDF version of manual without hyperrefs or index
Result: ERROR
    Re-running with no redirection of stdout/stderr.
Flavor: r-devel-windows-x86_64-gcc10-UCRT