CRAN Package Check Results for Package seplyr

Last updated on 2021-09-21 07:50:35 CEST.

Flavor Version Tinstall Tcheck Ttotal Status Flags
r-devel-linux-x86_64-debian-clang 1.0.4 6.16 60.12 66.28 OK
r-devel-linux-x86_64-debian-gcc 1.0.4 4.48 45.40 49.88 OK
r-devel-linux-x86_64-fedora-clang 1.0.4 84.01 OK
r-devel-linux-x86_64-fedora-gcc 1.0.4 74.64 OK
r-devel-windows-x86_64 1.0.4 7.00 68.00 75.00 OK
r-devel-windows-x86_64-gcc10-UCRT 1.0.4 ERROR
r-patched-linux-x86_64 1.0.4 6.21 61.06 67.27 OK
r-patched-solaris-x86 1.0.4 105.20 OK
r-release-linux-x86_64 1.0.4 4.58 60.35 64.93 OK
r-release-macos-arm64 1.0.4 OK
r-release-macos-x86_64 1.0.4 OK
r-release-windows-ix86+x86_64 1.0.4 13.00 64.00 77.00 OK
r-oldrel-macos-x86_64 1.0.4 OK
r-oldrel-windows-ix86+x86_64 1.0.4 15.00 67.00 82.00 OK

Check Details

Version: 1.0.4
Check: whether package can be installed
Result: WARN
    Found the following significant warnings:
     WARNING: installation-time patches will not be applied, could not get the patches index
Flavor: r-devel-windows-x86_64-gcc10-UCRT

Version: 1.0.4
Check: PDF version of manual
Result: WARN
    LaTeX errors when creating PDF version.
    This typically indicates Rd problems.
Flavor: r-devel-windows-x86_64-gcc10-UCRT

Version: 1.0.4
Check: PDF version of manual without hyperrefs or index
Result: ERROR
    Re-running with no redirection of stdout/stderr.
Flavor: r-devel-windows-x86_64-gcc10-UCRT