CRAN Package Check Results for Package seplyr

Last updated on 2021-06-14 07:48:50 CEST.

Flavor Version Tinstall Tcheck Ttotal Status Flags
r-devel-linux-x86_64-debian-clang 1.0.1 5.75 65.34 71.09 NOTE
r-devel-linux-x86_64-debian-gcc 1.0.3 4.68 49.49 54.17 OK
r-devel-linux-x86_64-fedora-clang 1.0.3 49.98 OK
r-devel-linux-x86_64-fedora-gcc 1.0.3 84.79 OK
r-devel-windows-x86_64 1.0.1 12.00 94.00 106.00 NOTE
r-devel-windows-x86_64-gcc10-UCRT 1.0.1 NOTE
r-patched-linux-x86_64 1.0.1 6.16 61.43 67.59 NOTE
r-patched-solaris-x86 1.0.3 107.90 OK
r-release-linux-x86_64 1.0.1 4.79 61.72 66.51 NOTE
r-release-macos-arm64 1.0.1 NOTE
r-release-macos-x86_64 1.0.1 NOTE
r-release-windows-ix86+x86_64 1.0.1 13.00 91.00 104.00 NOTE
r-oldrel-macos-x86_64 1.0.1 OK
r-oldrel-windows-ix86+x86_64 1.0.1 16.00 91.00 107.00 OK

Check Details

Version: 1.0.1
Check: LazyData
Result: NOTE
     'LazyData' is specified without a 'data' directory
Flavors: r-devel-linux-x86_64-debian-clang, r-devel-windows-x86_64, r-devel-windows-x86_64-gcc10-UCRT, r-patched-linux-x86_64, r-release-linux-x86_64, r-release-macos-arm64, r-release-macos-x86_64, r-release-windows-ix86+x86_64