CRAN Package Check Results for Package sentometrics

Last updated on 2021-08-03 07:54:42 CEST.

Flavor Version Tinstall Tcheck Ttotal Status Flags
r-devel-linux-x86_64-debian-clang 0.8.4 107.08 257.80 364.88 NOTE
r-devel-linux-x86_64-debian-gcc 0.8.4 70.72 182.43 253.15 NOTE
r-devel-linux-x86_64-fedora-clang 0.8.4 442.07 NOTE
r-devel-linux-x86_64-fedora-gcc 0.8.4 396.54 NOTE
r-devel-windows-x86_64 0.8.4 126.00 285.00 411.00 NOTE
r-devel-windows-x86_64-gcc10-UCRT 0.8.4 NOTE
r-patched-linux-x86_64 0.8.4 86.17 221.34 307.51 NOTE
r-patched-solaris-x86 0.8.4 500.30 NOTE
r-release-linux-x86_64 0.8.4 81.23 223.76 304.99 NOTE
r-release-macos-arm64 0.8.4 NOTE
r-release-macos-x86_64 0.8.4 NOTE
r-release-windows-ix86+x86_64 0.8.4 232.00 464.00 696.00 NOTE
r-oldrel-macos-x86_64 0.8.4 NOTE
r-oldrel-windows-ix86+x86_64 0.8.4 179.00 474.00 653.00 NOTE

Check Details

Version: 0.8.4
Check: for GNU extensions in Makefiles
Result: NOTE
    GNU make is a SystemRequirements.
Flavors: r-devel-linux-x86_64-debian-clang, r-devel-linux-x86_64-debian-gcc, r-devel-linux-x86_64-fedora-clang, r-devel-linux-x86_64-fedora-gcc, r-devel-windows-x86_64, r-devel-windows-x86_64-gcc10-UCRT, r-patched-linux-x86_64, r-patched-solaris-x86, r-release-linux-x86_64, r-release-macos-arm64, r-release-macos-x86_64, r-release-windows-ix86+x86_64, r-oldrel-macos-x86_64, r-oldrel-windows-ix86+x86_64

Version: 0.8.4
Check: installed package size
Result: NOTE
     installed size is 7.8Mb
     sub-directories of 1Mb or more:
     data 2.3Mb
     libs 4.3Mb
Flavors: r-devel-linux-x86_64-fedora-clang, r-release-macos-arm64, r-release-macos-x86_64, r-release-windows-ix86+x86_64, r-oldrel-macos-x86_64, r-oldrel-windows-ix86+x86_64

Version: 0.8.4
Check: data for non-ASCII characters
Result: NOTE
     Note: found 4436 marked UTF-8 strings
Flavors: r-devel-linux-x86_64-fedora-clang, r-devel-linux-x86_64-fedora-gcc, r-devel-windows-x86_64-gcc10-UCRT, r-patched-solaris-x86, r-release-macos-arm64, r-release-macos-x86_64, r-oldrel-macos-x86_64