CRAN Package Check Results for Package semtree

Last updated on 2021-06-22 07:49:44 CEST.

Flavor Version Tinstall Tcheck Ttotal Status Flags
r-devel-linux-x86_64-debian-clang 0.9.16 18.35 921.45 939.80 OK
r-devel-linux-x86_64-debian-gcc 0.9.16 12.99 378.22 391.21 WARN
r-devel-linux-x86_64-fedora-clang 0.9.16 583.69 WARN
r-devel-linux-x86_64-fedora-gcc 0.9.16 637.43 OK
r-devel-windows-x86_64 0.9.16 26.00 563.00 589.00 OK
r-devel-windows-x86_64-gcc10-UCRT 0.9.16 OK
r-patched-linux-x86_64 0.9.16 23.63 456.84 480.47 WARN
r-patched-solaris-x86 0.9.16 316.10 ERROR
r-release-linux-x86_64 0.9.16 13.21 402.62 415.83 WARN
r-release-macos-arm64 0.9.16 OK
r-release-macos-x86_64 0.9.16 OK
r-release-windows-ix86+x86_64 0.9.16 34.00 436.00 470.00 OK
r-oldrel-macos-x86_64 0.9.16 OK

Check Details

Version: 0.9.16
Check: re-building of vignette outputs
Result: WARN
    Error(s) in re-building vignettes:
     ...
    --- re-building ‘constraints.Rmd’ using rmarkdown
    Loading required package: OpenMx
    Warning: In model 'sharedModel' Optimizer returned a non-zero status code 6. The model does not satisfy the first-order optimality conditions to the required accuracy, and no improved point for the merit function could be found during the final linesearch (Mx status RED)
    Warning: In model 'sharedModel' Optimizer returned a non-zero status code 6. The model does not satisfy the first-order optimality conditions to the required accuracy, and no improved point for the merit function could be found during the final linesearch (Mx status RED)
    Loading required package: ggplot2
    --- finished re-building ‘constraints.Rmd’
    
    --- re-building ‘forests.Rmd’ using rmarkdown
    Floating point exception
    --- re-building ‘getting-started.Rmd’ using rmarkdown
    --- finished re-building ‘getting-started.Rmd’
    
    --- re-building ‘score-based-tests.Rmd’ using rmarkdown
    --- finished re-building ‘score-based-tests.Rmd’
    
    --- re-building ‘semforest-focus.Rmd’ using rmarkdown
    --- finished re-building ‘semforest-focus.Rmd’
    
    SUMMARY: processing the following file failed:
     ‘forests.Rmd’
    
    Error: Vignette re-building failed.
    Execution halted
Flavors: r-devel-linux-x86_64-debian-gcc, r-release-linux-x86_64

Version: 0.9.16
Check: re-building of vignette outputs
Result: WARN
    Error(s) in re-building vignettes:
    --- re-building ‘constraints.Rmd’ using rmarkdown
    Loading required package: OpenMx
    To take full advantage of multiple cores, use:
     mxOption(key='Number of Threads', value=parallel::detectCores()) #now
     Sys.setenv(OMP_NUM_THREADS=parallel::detectCores()) #before library(OpenMx)
    Warning: In model 'sharedModel' Optimizer returned a non-zero status code 6. The model does not satisfy the first-order optimality conditions to the required accuracy, and no improved point for the merit function could be found during the final linesearch (Mx status RED)
    Warning: In model 'sharedModel' Optimizer returned a non-zero status code 6. The model does not satisfy the first-order optimality conditions to the required accuracy, and no improved point for the merit function could be found during the final linesearch (Mx status RED)
    Loading required package: ggplot2
    --- finished re-building ‘constraints.Rmd’
    
    sh: line 1: 2806610 Floating point exception(core dumped) R_LIBS=/tmp/RtmpsgCFFe/RLIBS_2a25c3642b795 R_ENVIRON_USER='' R_LIBS_USER='NULL' R_LIBS_SITE='NULL' '/data/gannet/ripley/R/R-clang/bin/R' --vanilla --no-echo > '/tmp/RtmpsgCFFe/working_dir/Rtmpyx1kC3/file2ac1f9237567f9' 2>&1 < '/tmp/RtmpsgCFFe/working_dir/Rtmpyx1kC3/file2ac1f96996baed'
    --- re-building ‘forests.Rmd’ using rmarkdown
    --- re-building ‘getting-started.Rmd’ using rmarkdown
    --- finished re-building ‘getting-started.Rmd’
    
    --- re-building ‘score-based-tests.Rmd’ using rmarkdown
    --- finished re-building ‘score-based-tests.Rmd’
    
    --- re-building ‘semforest-focus.Rmd’ using rmarkdown
    --- finished re-building ‘semforest-focus.Rmd’
    
    SUMMARY: processing the following file failed:
     ‘forests.Rmd’
    
    Error: Vignette re-building failed.
    Execution halted
Flavor: r-devel-linux-x86_64-fedora-clang

Version: 0.9.16
Check: re-building of vignette outputs
Result: WARN
    Error(s) in re-building vignettes:
     ...
    --- re-building ‘constraints.Rmd’ using rmarkdown
    Loading required package: OpenMx
    Warning: In model 'sharedModel' Optimizer returned a non-zero status code 6. The model does not satisfy the first-order optimality conditions to the required accuracy, and no improved point for the merit function could be found during the final linesearch (Mx status RED)
    Warning: In model 'sharedModel' Optimizer returned a non-zero status code 6. The model does not satisfy the first-order optimality conditions to the required accuracy, and no improved point for the merit function could be found during the final linesearch (Mx status RED)
    Warning: In model 'sharedModel' Optimizer returned a non-zero status code 6. The model does not satisfy the first-order optimality conditions to the required accuracy, and no improved point for the merit function could be found during the final linesearch (Mx status RED)
    Loading required package: ggplot2
    --- finished re-building ‘constraints.Rmd’
    
    --- re-building ‘forests.Rmd’ using rmarkdown
    Floating point exception
    --- re-building ‘getting-started.Rmd’ using rmarkdown
    --- finished re-building ‘getting-started.Rmd’
    
    --- re-building ‘score-based-tests.Rmd’ using rmarkdown
    --- finished re-building ‘score-based-tests.Rmd’
    
    --- re-building ‘semforest-focus.Rmd’ using rmarkdown
    --- finished re-building ‘semforest-focus.Rmd’
    
    SUMMARY: processing the following file failed:
     ‘forests.Rmd’
    
    Error: Vignette re-building failed.
    Execution halted
Flavor: r-patched-linux-x86_64

Version: 0.9.16
Check: tests
Result: ERROR
     Running ‘invariance.R’
     Running ‘lavaan.R’ [21s/25s]
     Running ‘scores.R’ [9s/11s]
     Running ‘tree.R’ [7s/10s]
     Running ‘vim.R’ [10s/34s]
    Running the tests in ‘tests/invariance.R’ failed.
    Complete output:
     > #
     > # testing invariance
     > #
     >
     > # simulation:
     > # factor structure holds over SES but not over age
     > # both SES and age predict a mean difference in cognitive outcome
     >
     > set.seed(123)
     >
     > require("semtree")
     Loading required package: semtree
     Loading required package: OpenMx
     To take full advantage of multiple cores, use:
     mxOption(key='Number of Threads', value=parallel::detectCores()) #now
     Sys.setenv(OMP_NUM_THREADS=parallel::detectCores()) #before library(OpenMx)
     > require("lavaan")
     Loading required package: lavaan
     This is lavaan 0.6-8
     lavaan is FREE software! Please report any bugs.
     > #
     > lambda <- list()
     > age <- c(0,0,1,1) # 0=young, 1 =old
     > ses <- c(0,1,0,1) # 0=low, 1=high
     > lambda[[1]] <- c(1,0.9,0.8,0.8)
     > lambda[[2]] <- c(1,0.9,0.8,0.8)
     > lambda[[3]] <- c(1,0.4,0.2,0.9)
     > lambda[[4]] <- c(1,0.4,0.2,0.9)
     > cogmean <- 80-age*30 + ses*20
     > cogsd <- 1
     > errsd <- 1
     >
     > Nsub <- 200 # persons per agexSES group
     >
     > cbind(age,ses,cogmean)
     age ses cogmean
     [1,] 0 0 80
     [2,] 0 1 100
     [3,] 1 0 50
     [4,] 1 1 70
     >
     > # simulate data from 4 groups
     > data <- c()
     > for (i in 1:4) {
     + cogsim <- rnorm(n = Nsub,mean = cogmean[i],cogsd)
     + scores <- as.matrix(t(outer(lambda[[i]],cogsim))) + rnorm(Nsub*4,0,errsd)
     + data <- rbind(data,scores)
     + }
     > data <- data.frame(data)
     > names(data) <- paste0("x",1:4)
     >
     > fulldata <- cbind(data, age=factor(rep(age,each=Nsub)),ses=factor(rep(ses,each=Nsub)))
     > #
     > model<-"
     + ! regressions
     + F=~1.0*x1
     + F=~l2*x2
     + F=~l3*x3
     + F=~l4*x4
     + ! residuals, variances and covariances
     + x1 ~~ VAR_x1*x1
     + x2 ~~ VAR_x2*x2
     + x3 ~~ VAR_x3*x3
     + x4 ~~ VAR_x4*x4
     + F ~~ 1.0*F
     + ! means
     + F~1
     + x1~0*1;
     + x2~0*1;
     + x3~0*1;
     + x4~0*1;
     + ";
     > result<-lavaan(model, data=data, fixed.x=FALSE, missing="FIML");
     Warning message:
     In lav_object_post_check(object) :
     lavaan WARNING: some estimated ov variances are negative
     >
     > manifests<-c("x1","x2","x3","x4")
     > latents<-c("F")
     > model <- mxModel("Unnamed_Model",
     + type="RAM",
     + manifestVars = manifests,
     + latentVars = latents,
     + mxPath(from="F",to=c("x1","x2","x3","x4"), free=c(FALSE,TRUE,TRUE,TRUE),
     + value=c(1.0,1.0,1.0,1.0) , arrows=1, label=c("F__x1","l2","l3","l4") ),
     + mxPath(from="one",to=c("F"), free=c(TRUE), value=c(1.0) , arrows=1, label=c("const__F") ),
     + mxPath(from="one",to=c("x2","x3","x4"), free=c(TRUE,TRUE,TRUE), value=c(1.0,1.0,1.0) , arrows=1, label=c("const__x2","const__x3","const__x4") ),
     + mxPath(from="x1",to=c("x1"), free=c(TRUE), value=c(1.0) , arrows=2, label=c("VAR_x1") ),
     + mxPath(from="x2",to=c("x2"), free=c(TRUE), value=c(1.0) , arrows=2, label=c("VAR_x2") ),
     + mxPath(from="x3",to=c("x3"), free=c(TRUE), value=c(1.0) , arrows=2, label=c("VAR_x3") ),
     + mxPath(from="x4",to=c("x4"), free=c(TRUE), value=c(1.0) , arrows=2, label=c("VAR_x4") ),
     + mxPath(from="F",to=c("F"), free=c(FALSE), value=c(1.0) , arrows=2, label=c("VAR_F") ),
     + mxPath(from="one",to=c("x1"), free=F, value=0, arrows=1),
     + mxData(data[1:50,], type = "raw")
     + );
     >
     > result <- mxRun(model)
     Running Unnamed_Model with 11 parameters
     Error: C stack usage 272143508 is too close to the limit
     Error: The job for model 'Unnamed_Model' exited abnormally with the error message: User interrupt
     Execution halted
    Running the tests in ‘tests/scores.R’ failed.
    Complete output:
     > require("semtree")
     Loading required package: semtree
     Loading required package: OpenMx
     To take full advantage of multiple cores, use:
     mxOption(key='Number of Threads', value=parallel::detectCores()) #now
     Sys.setenv(OMP_NUM_THREADS=parallel::detectCores()) #before library(OpenMx)
     > data(lgcm)
     >
     > lgcm$agegroup <- as.ordered(lgcm$agegroup)
     > lgcm$training <- as.factor(lgcm$training)
     > lgcm$noise <- as.numeric(lgcm$noise)
     >
     > # LOAD IN OPENMX MODEL.
     > # A SIMPLE LINEAR GROWTH MODEL WITH 5 TIME POINTS FROM SIMULATED DATA
     >
     > manifests <- names(lgcm)[1:5]
     > lgcModel <- mxModel("Linear Growth Curve Model Path Specification",
     + type="RAM",
     + manifestVars=manifests,
     + latentVars=c("intercept","slope"),
     + # residual variances
     + mxPath(
     + from=manifests,
     + arrows=2,
     + free=TRUE,
     + values = c(1, 1, 1, 1, 1),
     + labels=c("residual1","residual2","residual3","residual4","residual5")
     + ),
     + # latent variances and covariance
     + mxPath(
     + from=c("intercept","slope"),
     + connect="unique.pairs",
     + arrows=2,
     + free=TRUE,
     + values=c(1, 1, 1),
     + labels=c("vari", "cov", "vars")
     + ),
     + # intercept loadings
     + mxPath(
     + from="intercept",
     + to=manifests,
     + arrows=1,
     + free=FALSE,
     + values=c(1, 1, 1, 1, 1)
     + ),
     + # slope loadings
     + mxPath(
     + from="slope",
     + to=manifests,
     + arrows=1,
     + free=FALSE,
     + values=c(0, 1, 2, 3, 4)
     + ),
     + # manifest means
     + mxPath(
     + from="one",
     + to=manifests,
     + arrows=1,
     + free=FALSE,
     + values=c(0, 0, 0, 0, 0)
     + ),
     + # latent means
     + mxPath(
     + from="one",
     + to=c("intercept", "slope"),
     + arrows=1,
     + free=TRUE,
     + values=c(1, 1),
     + labels=c("meani", "means")
     + ),
     + mxData(lgcm,type="raw")
     + )
     >
     > #lgcModel=mxRun(lgcModel)
     >
     > # TREE CONTROL OPTIONS.
     > # TO OBTAIN BASIC/DEFAULT SMETREE OPTIONS, SIMPLY TPYE THE FOLLOWING:
     >
     > ctrl <- semtree.control(method = "score")
     >
     > # RUN TREE.
     >
     > tree <- semtree(model=lgcModel, data=lgcm, control = ctrl)
     ❯ Model was not run. Estimating parameters now.
     Running Linear Growth Curve Model Path Specification with 10 parameters
    
     Beginning initial fit attempt
     Running Linear Growth Curve Model Path Specification with 10 parameters
     Error: C stack usage 272340116 is too close to the limit
    
     Fit attempt generated errors
    
     Beginning fit attempt 1 of at maximum 10 extra tries
     Running Linear Growth Curve Model Path Specification with 10 parameters
     Error: C stack usage 272340116 is too close to the limit
    
     Fit attempt generated errors
    
     Beginning fit attempt 2 of at maximum 10 extra tries
     Running Linear Growth Curve Model Path Specification with 10 parameters
     Error: C stack usage 272340116 is too close to the limit
    
     Fit attempt generated errors
    
     Beginning fit attempt 3 of at maximum 10 extra tries
     Running Linear Growth Curve Model Path Specification with 10 parameters
     Error: C stack usage 272340116 is too close to the limit
    
     Fit attempt generated errors
    
     Beginning fit attempt 4 of at maximum 10 extra tries
     Running Linear Growth Curve Model Path Specification with 10 parameters
     Error: C stack usage 272340116 is too close to the limit
    
     Fit attempt generated errors
    
     Beginning fit attempt 5 of at maximum 10 extra tries
     Running Linear Growth Curve Model Path Specification with 10 parameters
     Error: C stack usage 272340116 is too close to the limit
    
     Fit attempt generated errors
    
     Beginning fit attempt 6 of at maximum 10 extra tries
     Running Linear Growth Curve Model Path Specification with 10 parameters
     Error: C stack usage 272340116 is too close to the limit
    
     Fit attempt generated errors
    
     Beginning fit attempt 7 of at maximum 10 extra tries
     Running Linear Growth Curve Model Path Specification with 10 parameters
     Error: C stack usage 272340116 is too close to the limit
    
     Fit attempt generated errors
    
     Beginning fit attempt 8 of at maximum 10 extra tries
     Running Linear Growth Curve Model Path Specification with 10 parameters
     Error: C stack usage 272340116 is too close to the limit
    
     Fit attempt generated errors
    
     Beginning fit attempt 9 of at maximum 10 extra tries
     Running Linear Growth Curve Model Path Specification with 10 parameters
     Error: C stack usage 272340116 is too close to the limit
    
     Fit attempt generated errors
    
     Beginning fit attempt 10 of at maximum 10 extra tries
     Running Linear Growth Curve Model Path Specification with 10 parameters
     Error: C stack usage 272340116 is too close to the limit
    
     Fit attempt generated errors
    
     Retry limit reached
    
    
    
     All fit attempts resulted in errors - check starting values or model specification
    
     ✖ Error in OpenMx_scores_input() function. There are no free parameters in the model estimates. Model not run or converged?
     Error:
     Execution halted
    Running the tests in ‘tests/tree.R’ failed.
    Complete output:
     > set.seed(789)
     > require("semtree")
     Loading required package: semtree
     Loading required package: OpenMx
     To take full advantage of multiple cores, use:
     mxOption(key='Number of Threads', value=parallel::detectCores()) #now
     Sys.setenv(OMP_NUM_THREADS=parallel::detectCores()) #before library(OpenMx)
     > data(lgcm)
     >
     > lgcm$agegroup <- as.ordered(lgcm$agegroup)
     > lgcm$training <- as.factor(lgcm$training)
     > lgcm$noise <- as.factor(lgcm$noise)
     >
     > # LOAD IN OPENMX MODEL.
     > # A SIMPLE LINEAR GROWTH MODEL WITH 5 TIME POINTS FROM SIMULATED DATA
     >
     > manifests <- names(lgcm)[1:5]
     > lgcModel <- mxModel("Linear Growth Curve Model Path Specification",
     + type="RAM",
     + manifestVars=manifests,
     + latentVars=c("intercept","slope"),
     + # residual variances
     + mxPath(
     + from=manifests,
     + arrows=2,
     + free=TRUE,
     + values = c(1, 1, 1, 1, 1),
     + labels=c("residual1","residual2","residual3","residual4","residual5")
     + ),
     + # latent variances and covariance
     + mxPath(
     + from=c("intercept","slope"),
     + connect="unique.pairs",
     + arrows=2,
     + free=TRUE,
     + values=c(1, 1, 1),
     + labels=c("vari", "cov", "vars")
     + ),
     + # intercept loadings
     + mxPath(
     + from="intercept",
     + to=manifests,
     + arrows=1,
     + free=FALSE,
     + values=c(1, 1, 1, 1, 1)
     + ),
     + # slope loadings
     + mxPath(
     + from="slope",
     + to=manifests,
     + arrows=1,
     + free=FALSE,
     + values=c(0, 1, 2, 3, 4)
     + ),
     + # manifest means
     + mxPath(
     + from="one",
     + to=manifests,
     + arrows=1,
     + free=FALSE,
     + values=c(0, 0, 0, 0, 0)
     + ),
     + # latent means
     + mxPath(
     + from="one",
     + to=c("intercept", "slope"),
     + arrows=1,
     + free=TRUE,
     + values=c(1, 1),
     + labels=c("meani", "means")
     + ),
     + mxData(lgcm,type="raw")
     + )
     >
     >
     > # TREE CONTROL OPTIONS.
     > # TO OBTAIN BASIC/DEFAULT SMETREE OPTIONS, SIMPLY TPYE THE FOLLOWING:
     >
     > controlOptions <- semtree.control(method = "naive")
     > controlOptions$alpha <- 0.05
     >
     > # RUN TREE.
     >
     > tree <- semtree(model=lgcModel, data=lgcm, control = controlOptions)
     Error: C stack usage 272209044 is too close to the limit
     Error : The job for model 'INITIALIZED MODEL' exited abnormally with the error message: User interrupt
     ✖ Model had a run error.
     ✔ Tree construction finished [took less than a second].
     >
     > # RERUN TREE WITH MODEL CONSTRAINTS.
     > # MODEL CONSTRAINTS CAN BE ADDED BY IDENTIFYING THE PARAMETERS TO BE
     > # CONSTRAINED IN EVERY NODE. ONLY UNCONSTRAINED PARAMETERS ARE THEN
     > # TESTED AT EACH NODE FOR GROUP DIFFERENCES. IN THIS EXAMPLE THE MODEL
     > # RESIDUALS ARE CONSTRAINED OVER THE NODES.
     >
     > constraints <- semtree.constraints(global.invariance = names(omxGetParameters(lgcModel))[1:5])
     >
     > treeConstrained <- semtree(model=lgcModel, data=lgcm, control = controlOptions,
     + constraints=constraints)
     Error: C stack usage 272209044 is too close to the limit
     Error: The job for model 'Linear Growth Curve Model Path Specification' exited abnormally with the error message: User interrupt
     Execution halted
    Running the tests in ‘tests/vim.R’ failed.
    Complete output:
     > set.seed(789)
     > require("semtree")
     Loading required package: semtree
     Loading required package: OpenMx
     To take full advantage of multiple cores, use:
     mxOption(key='Number of Threads', value=parallel::detectCores()) #now
     Sys.setenv(OMP_NUM_THREADS=parallel::detectCores()) #before library(OpenMx)
     > data(lgcm)
     >
     > lgcm$agegroup <- as.ordered(lgcm$agegroup)
     > lgcm$training <- as.factor(lgcm$training)
     > lgcm$noise <- as.numeric(lgcm$noise)
     >
     > # LOAD IN OPENMX MODEL.
     > # A SIMPLE LINEAR GROWTH MODEL WITH 5 TIME POINTS FROM SIMULATED DATA
     >
     > manifests <- names(lgcm)[1:5]
     > lgcModel <- mxModel("Linear Growth Curve Model Path Specification",
     + type="RAM",
     + manifestVars=manifests,
     + latentVars=c("intercept","slope"),
     + # residual variances
     + mxPath(
     + from=manifests,
     + arrows=2,
     + free=TRUE,
     + values = c(1, 1, 1, 1, 1),
     + labels=c("residual1","residual2","residual3","residual4","residual5")
     + ),
     + # latent variances and covariance
     + mxPath(
     + from=c("intercept","slope"),
     + connect="unique.pairs",
     + arrows=2,
     + free=TRUE,
     + values=c(1, 1, 1),
     + labels=c("vari", "cov", "vars")
     + ),
     + # intercept loadings
     + mxPath(
     + from="intercept",
     + to=manifests,
     + arrows=1,
     + free=FALSE,
     + values=c(1, 1, 1, 1, 1)
     + ),
     + # slope loadings
     + mxPath(
     + from="slope",
     + to=manifests,
     + arrows=1,
     + free=FALSE,
     + values=c(0, 1, 2, 3, 4)
     + ),
     + # manifest means
     + mxPath(
     + from="one",
     + to=manifests,
     + arrows=1,
     + free=FALSE,
     + values=c(0, 0, 0, 0, 0)
     + ),
     + # latent means
     + mxPath(
     + from="one",
     + to=c("intercept", "slope"),
     + arrows=1,
     + free=TRUE,
     + values=c(1, 1),
     + labels=c("meani", "means")
     + ),
     + mxData(lgcm,type="raw")
     + )
     >
     >
     > fr <- semforest(lgcModel, lgcm,control = semforest.control(num.trees = 3))
     ❯ Model was not run. Estimating parameters now before running the forest.
     Running Linear Growth Curve Model Path Specification with 10 parameters
    
     Beginning initial fit attempt
     Running Linear Growth Curve Model Path Specification with 10 parameters
     Error: C stack usage 272340116 is too close to the limit
    
     Fit attempt generated errors
    
     Beginning fit attempt 1 of at maximum 10 extra tries
     Running Linear Growth Curve Model Path Specification with 10 parameters
    
     *** caught segfault ***
     address 8, cause 'memory not mapped'
     Warning: stack imbalance in 'lazyLoadDBfetch', 38 then 36
    
     Traceback:
     1: runHelper(model, frontendStart, intervals, silent, suppressWarnings, unsafe, checkpoint, useSocket, onlyFrontend, useOptimizer, beginMessage)
     2: mxRun(model = model, suppressWarnings = T, unsafe = T, silent = T, intervals = intervals, beginMessage = T)
     3: runWithCounter(model, numdone, silent, intervals = F)
     4: doTryCatch(return(expr), name, parentenv, handler)
     5: tryCatchOne(expr, names, parentenv, handlers[[1L]])
     6: tryCatchList(expr, classes, parentenv, handlers)
     7: tryCatch(expr, error = function(e) { call <- conditionCall(e) if (!is.null(call)) { if (identical(call[[1L]], quote(doTryCatch))) call <- sys.call(-4L) dcall <- deparse(call)[1L] prefix <- paste("Error in", dcall, ": ") LONG <- 75L sm <- strsplit(conditionMessage(e), "\n")[[1L]] w <- 14L + nchar(dcall, type = "w") + nchar(sm[1L], type = "w") if (is.na(w)) w <- 14L + nchar(dcall, type = "b") + nchar(sm[1L], type = "b") if (w > LONG) prefix <- paste0(prefix, "\n ") } else prefix <- "Error : " msg <- paste0(prefix, conditionMessage(e), "\n") .Internal(seterrmessage(msg[1L])) if (!silent && isTRUE(getOption("show.error.messages"))) { cat(msg, file = outFile) .Internal(printDeferredWarnings()) } invisible(structure(msg, class = "try-error", condition = e))})
     8: try(runWithCounter(model, numdone, silent, intervals = F))
     9: withCallingHandlers(expr, warning = function(w) if (inherits(w, classes)) tryInvokeRestart("muffleWarning"))
     10: suppressWarnings(try(runWithCounter(model, numdone, silent, intervals = F)))
     11: OpenMx::mxTryHard(model)
     12: semforest(lgcModel, lgcm, control = semforest.control(num.trees = 3))
     An irrecoverable exception occurred. R is aborting now ...
Flavor: r-patched-solaris-x86

Version: 0.9.16
Check: re-building of vignette outputs
Result: WARN
    Error(s) in re-building vignettes:
     ...
    --- re-building ‘constraints.Rmd’ using rmarkdown
    Warning in engine$weave(file, quiet = quiet, encoding = enc) :
     Pandoc (>= 1.12.3) not available. Falling back to R Markdown v1.
    Loading required package: OpenMx
    To take full advantage of multiple cores, use:
     mxOption(key='Number of Threads', value=parallel::detectCores()) #now
     Sys.setenv(OMP_NUM_THREADS=parallel::detectCores()) #before library(OpenMx)
    Error: C stack usage 315135124 is too close to the limit
    Quitting from lines 101-105 (constraints.Rmd)
    Error: processing vignette 'constraints.Rmd' failed with diagnostics:
    The job for model 'CFA' exited abnormally with the error message: User interrupt
    --- failed re-building ‘constraints.Rmd’
    
    --- re-building ‘forests.Rmd’ using rmarkdown
    Warning in engine$weave(file, quiet = quiet, encoding = enc) :
     Pandoc (>= 1.12.3) not available. Falling back to R Markdown v1.
    Error: C stack usage 315659412 is too close to the limit
    Quitting from lines 40-53 (forests.Rmd)
    Error: processing vignette 'forests.Rmd' failed with diagnostics:
    The job for model 'Simple Model' exited abnormally with the error message: User interrupt
    --- failed re-building ‘forests.Rmd’
    
    --- re-building ‘getting-started.Rmd’ using rmarkdown
    Warning in engine$weave(file, quiet = quiet, encoding = enc) :
     Pandoc (>= 1.12.3) not available. Falling back to R Markdown v1.
    Error: C stack usage 248091796 is too close to the limit
    Quitting from lines 110-111 (getting-started.Rmd)
    Error: processing vignette 'getting-started.Rmd' failed with diagnostics:
    non-numeric argument to mathematical function
    --- failed re-building ‘getting-started.Rmd’
    
    --- re-building ‘score-based-tests.Rmd’ using rmarkdown
    Warning in engine$weave(file, quiet = quiet, encoding = enc) :
     Pandoc (>= 1.12.3) not available. Falling back to R Markdown v1.
    Error: C stack usage 314872980 is too close to the limit
    Quitting from lines 44-58 (score-based-tests.Rmd)
    Error: processing vignette 'score-based-tests.Rmd' failed with diagnostics:
    The job for model 'Simple Model' exited abnormally with the error message: User interrupt
    --- failed re-building ‘score-based-tests.Rmd’
    
    --- re-building ‘semforest-focus.Rmd’ using rmarkdown
    Warning in engine$weave(file, quiet = quiet, encoding = enc) :
     Pandoc (>= 1.12.3) not available. Falling back to R Markdown v1.
    Error: C stack usage 250713236 is too close to the limit
    Quitting from lines 29-61 (semforest-focus.Rmd)
    Error: processing vignette 'semforest-focus.Rmd' failed with diagnostics:
    The job for model 'Bivariate_Model' exited abnormally with the error message: User interrupt
    --- failed re-building ‘semforest-focus.Rmd’
    
    SUMMARY: processing the following files failed:
     ‘constraints.Rmd’ ‘forests.Rmd’ ‘getting-started.Rmd’
     ‘score-based-tests.Rmd’ ‘semforest-focus.Rmd’
    
    Error: Vignette re-building failed.
    Execution halted
Flavor: r-patched-solaris-x86