CRAN Package Check Results for Package seer

Last updated on 2021-06-14 07:48:50 CEST.

Flavor Version Tinstall Tcheck Ttotal Status Flags
r-devel-linux-x86_64-debian-clang 1.1.6 9.15 107.68 116.83 OK
r-devel-linux-x86_64-debian-gcc 1.1.6 7.30 81.05 88.35 OK
r-devel-linux-x86_64-fedora-clang 1.1.6 148.99 NOTE
r-devel-linux-x86_64-fedora-gcc 1.1.6 136.97 NOTE
r-devel-windows-x86_64 1.1.6 15.00 138.00 153.00 OK
r-devel-windows-x86_64-gcc10-UCRT 1.1.6 NOTE
r-patched-linux-x86_64 1.1.6 7.66 104.16 111.82 OK
r-patched-solaris-x86 1.1.6 196.70 NOTE
r-release-linux-x86_64 1.1.6 7.97 103.92 111.89 OK
r-release-macos-arm64 1.1.5 NOTE
r-release-macos-x86_64 1.1.6 NOTE
r-release-windows-ix86+x86_64 1.1.6 19.00 111.00 130.00 OK
r-oldrel-macos-x86_64 1.1.6 NOTE
r-oldrel-windows-ix86+x86_64 1.1.6 23.00 136.00 159.00 OK

Check Details

Version: 1.1.6
Check: dependencies in R code
Result: NOTE
    Namespace in Imports field not imported from: ‘MASS’
     All declared Imports should be used.
Flavors: r-devel-linux-x86_64-fedora-clang, r-devel-linux-x86_64-fedora-gcc, r-devel-windows-x86_64-gcc10-UCRT, r-patched-solaris-x86, r-release-macos-x86_64, r-oldrel-macos-x86_64

Version: 1.1.5
Check: dependencies in R code
Result: NOTE
    Namespace in Imports field not imported from: ‘MASS’
     All declared Imports should be used.
Flavor: r-release-macos-arm64