CRAN Package Check Results for Package sdmApp

Last updated on 2021-08-03 07:54:42 CEST.

Flavor Version Tinstall Tcheck Ttotal Status Flags
r-devel-linux-x86_64-debian-clang 0.0.2 3.11 36.70 39.81 OK
r-devel-linux-x86_64-debian-gcc 0.0.2 2.21 28.09 30.30 OK
r-devel-linux-x86_64-fedora-clang 0.0.2 57.86 NOTE
r-devel-linux-x86_64-fedora-gcc 0.0.2 45.32 NOTE
r-devel-windows-x86_64 0.0.2 6.00 60.00 66.00 OK
r-devel-windows-x86_64-gcc10-UCRT 0.0.2 NOTE
r-patched-linux-x86_64 0.0.2 7.74 34.93 42.67 OK
r-patched-solaris-x86 0.0.2 70.40 NOTE
r-release-linux-x86_64 0.0.2 2.90 34.51 37.41 OK
r-release-macos-arm64 0.0.2 NOTE
r-release-macos-x86_64 0.0.2 NOTE
r-release-windows-ix86+x86_64 0.0.2 7.00 55.00 62.00 OK
r-oldrel-macos-x86_64 0.0.2 NOTE
r-oldrel-windows-ix86+x86_64 0.0.2 5.00 54.00 59.00 OK

Check Details

Version: 0.0.2
Check: dependencies in R code
Result: NOTE
    Namespace in Imports field not imported from: ‘sp’
     All declared Imports should be used.
Flavors: r-devel-linux-x86_64-fedora-clang, r-devel-linux-x86_64-fedora-gcc, r-devel-windows-x86_64-gcc10-UCRT, r-patched-solaris-x86, r-release-macos-arm64, r-release-macos-x86_64, r-oldrel-macos-x86_64

Version: 0.0.2
Check: package dependencies
Result: NOTE
    Package suggested but not available for checking: ‘haven’
Flavor: r-patched-solaris-x86

Version: 0.0.2
Check: installed package size
Result: NOTE
     installed size is 5.1Mb
     sub-directories of 1Mb or more:
     docs 1.9Mb
     extdata 2.1Mb
Flavor: r-patched-solaris-x86