CRAN Package Check Results for Package scaleboot

Last updated on 2021-08-04 07:49:53 CEST.

Flavor Version Tinstall Tcheck Ttotal Status Flags
r-devel-linux-x86_64-debian-clang 1.0-1 8.52 105.90 114.42 OK
r-devel-linux-x86_64-debian-gcc 1.0-1 6.49 74.98 81.47 OK
r-devel-linux-x86_64-fedora-clang 1.0-1 140.51 NOTE
r-devel-linux-x86_64-fedora-gcc 1.0-1 131.53 NOTE
r-devel-windows-x86_64 1.0-1 14.00 124.00 138.00 OK
r-devel-windows-x86_64-gcc10-UCRT 1.0-1 NOTE
r-patched-linux-x86_64 1.0-1 7.45 99.37 106.82 OK
r-patched-solaris-x86 1.0-1 168.00 NOTE
r-release-linux-x86_64 1.0-1 7.66 99.91 107.57 OK
r-release-macos-arm64 1.0-1 NOTE
r-release-macos-x86_64 1.0-1 NOTE
r-release-windows-ix86+x86_64 1.0-1 14.00 89.00 103.00 OK
r-oldrel-macos-x86_64 1.0-1 NOTE
r-oldrel-windows-ix86+x86_64 1.0-1 11.00 120.00 131.00 OK

Check Details

Version: 1.0-1
Check: dependencies in R code
Result: NOTE
    Namespace in Imports field not imported from: ‘pvclust’
     All declared Imports should be used.
Flavors: r-devel-linux-x86_64-fedora-clang, r-devel-linux-x86_64-fedora-gcc, r-devel-windows-x86_64-gcc10-UCRT, r-patched-solaris-x86, r-release-macos-arm64, r-release-macos-x86_64, r-oldrel-macos-x86_64