CRAN Package Check Results for Package scModels

Last updated on 2021-05-08 07:48:22 CEST.

Flavor Version Tinstall Tcheck Ttotal Status Flags
r-devel-linux-x86_64-debian-clang 1.0.2 39.73 139.51 179.24 NOTE
r-devel-linux-x86_64-debian-gcc 1.0.2 26.50 121.41 147.91 NOTE
r-devel-linux-x86_64-fedora-clang 1.0.2 241.31 NOTE
r-devel-linux-x86_64-fedora-gcc 1.0.2 220.31 NOTE
r-devel-windows-ix86+x86_64 1.0.2 73.00 476.00 549.00 NOTE
r-devel-windows-x86_64-gcc10-UCRT 1.0.2 NOTE
r-patched-linux-x86_64 1.0.2 31.51 137.08 168.59 NOTE
r-patched-solaris-x86 1.0.2 331.70 OK
r-release-linux-x86_64 1.0.2 29.91 134.82 164.73 OK
r-release-macos-x86_64 1.0.2 OK
r-release-windows-ix86+x86_64 1.0.2 69.00 377.00 446.00 OK
r-oldrel-macos-x86_64 1.0.2 OK
r-oldrel-windows-ix86+x86_64 1.0.2 90.00 580.00 670.00 OK

Check Details

Version: 1.0.2
Check: LazyData
Result: NOTE
     'LazyData' is specified without a 'data' directory
Flavors: r-devel-linux-x86_64-debian-clang, r-devel-linux-x86_64-debian-gcc, r-devel-linux-x86_64-fedora-clang, r-devel-linux-x86_64-fedora-gcc, r-devel-windows-ix86+x86_64, r-devel-windows-x86_64-gcc10-UCRT, r-patched-linux-x86_64