CRAN Package Check Results for Package sarsop

Last updated on 2022-01-25 07:50:20 CET.

Flavor Version Tinstall Tcheck Ttotal Status Flags
r-devel-linux-x86_64-debian-clang 0.6.9 181.28 355.40 536.68 OK
r-devel-linux-x86_64-debian-gcc 0.6.9 148.18 330.14 478.32 OK
r-devel-linux-x86_64-fedora-clang 0.6.9 455.31 NOTE
r-devel-linux-x86_64-fedora-gcc 0.6.9 664.65 OK
r-devel-windows-x86_64-new-UL 0.6.9 134.00 133.00 267.00 NOTE
r-devel-windows-x86_64-new-TK 0.6.9 OK
r-patched-linux-x86_64 0.6.9 179.09 355.84 534.93 OK
r-release-linux-x86_64 0.6.9 159.01 357.61 516.62 OK
r-release-macos-arm64 0.6.9 NOTE
r-release-macos-x86_64 0.6.9 NOTE
r-release-windows-ix86+x86_64 0.6.9 24.00 121.00 145.00 NOTE
r-oldrel-macos-x86_64 0.6.9 NOTE
r-oldrel-windows-ix86+x86_64 0.6.9 23.00 119.00 142.00 NOTE

Check Details

Version: 0.6.9
Check: installed package size
Result: NOTE
     installed size is 42.0Mb
     sub-directories of 1Mb or more:
     bin 41.2Mb
Flavors: r-devel-linux-x86_64-fedora-clang, r-devel-windows-x86_64-new-UL, r-release-macos-arm64, r-release-macos-x86_64, r-release-windows-ix86+x86_64, r-oldrel-macos-x86_64, r-oldrel-windows-ix86+x86_64