CRAN Package Check Results for Package salem

Last updated on 2021-06-12 08:50:18 CEST.

Flavor Version Tinstall Tcheck Ttotal Status Flags
r-devel-linux-x86_64-debian-clang 0.2.0 3.00 40.75 43.75 OK
r-devel-linux-x86_64-debian-gcc 0.2.0 2.34 31.86 34.20 OK
r-devel-linux-x86_64-fedora-clang 0.2.0 59.72 OK
r-devel-linux-x86_64-fedora-gcc 0.2.0 50.42 OK
r-devel-windows-x86_64 0.2.0 5.00 58.00 63.00 OK
r-devel-windows-x86_64-gcc10-UCRT 0.2.0 OK
r-patched-linux-x86_64 0.2.0 2.98 38.90 41.88 OK
r-patched-solaris-x86 0.2.0 73.10 OK
r-release-linux-x86_64 0.2.0 3.03 39.51 42.54 OK
r-release-macos-arm64 0.2.0 NOTE
r-release-macos-x86_64 0.2.0 OK
r-release-windows-ix86+x86_64 0.2.0 6.00 59.00 65.00 OK
r-oldrel-macos-x86_64 0.2.0 OK
r-oldrel-windows-ix86+x86_64 0.2.0 5.00 56.00 61.00 OK

Check Details

Version: 0.2.0
Check: package dependencies
Result: NOTE
    Package suggested but not available for checking: ‘sf’
Flavor: r-release-macos-arm64