CRAN Package Check Results for Package sageR

Last updated on 2021-12-02 08:51:22 CET.

Flavor Version Tinstall Tcheck Ttotal Status Flags
r-devel-linux-x86_64-debian-clang 0.3.0 5.55 59.96 65.51 OK
r-devel-linux-x86_64-debian-gcc 0.3.0 3.76 44.62 48.38 OK
r-devel-linux-x86_64-fedora-clang 0.3.0 89.46 NOTE
r-devel-linux-x86_64-fedora-gcc 0.3.0 75.48 NOTE
r-devel-windows-x86_64-new-UL 0.3.0 15.00 108.00 123.00 OK
r-devel-windows-x86_64-new-TK 0.3.0 NOTE
r-devel-windows-x86_64-old 0.3.0 11.00 61.00 72.00 OK
r-patched-linux-x86_64 0.3.0 5.52 55.49 61.01 OK
r-patched-solaris-x86 0.3.0 107.70 NOTE
r-release-linux-x86_64 0.3.0 5.23 54.78 60.01 OK
r-release-macos-arm64 0.3.0 NOTE
r-release-macos-x86_64 0.3.0 NOTE
r-release-windows-ix86+x86_64 0.3.0 15.00 89.00 104.00 OK
r-oldrel-macos-x86_64 0.3.0 NOTE
r-oldrel-windows-ix86+x86_64 0.3.0 14.00 91.00 105.00 OK

Check Details

Version: 0.3.0
Check: data for non-ASCII characters
Result: NOTE
     Note: found 91 marked UTF-8 strings
Flavors: r-devel-linux-x86_64-fedora-clang, r-devel-linux-x86_64-fedora-gcc, r-devel-windows-x86_64-new-TK, r-patched-solaris-x86, r-release-macos-arm64, r-release-macos-x86_64, r-oldrel-macos-x86_64