CRAN Package Check Results for Package saeSim

Last updated on 2021-09-22 07:51:37 CEST.

Flavor Version Tinstall Tcheck Ttotal Status Flags
r-devel-linux-x86_64-debian-clang 0.10.0 22.31 192.98 215.29 OK
r-devel-linux-x86_64-debian-gcc 0.10.0 15.61 146.17 161.78 OK
r-devel-linux-x86_64-fedora-clang 0.10.0 259.93 NOTE
r-devel-linux-x86_64-fedora-gcc 0.10.0 252.14 OK
r-devel-windows-x86_64 0.10.0 19.00 179.00 198.00 OK
r-devel-windows-x86_64-gcc10-UCRT 0.10.0 ERROR
r-patched-linux-x86_64 0.10.0 23.39 187.66 211.05 OK
r-patched-solaris-x86 0.10.0 383.10 OK
r-release-linux-x86_64 0.10.0 19.61 185.36 204.97 OK
r-release-macos-arm64 0.10.0 OK
r-release-macos-x86_64 0.10.0 OK
r-release-windows-ix86+x86_64 0.10.0 46.00 177.00 223.00 OK
r-oldrel-macos-x86_64 0.10.0 OK
r-oldrel-windows-ix86+x86_64 0.10.0 30.00 174.00 204.00 OK

Check Details

Version: 0.10.0
Check: Rd cross-references
Result: NOTE
    Undeclared packages ‘magrittr’, ‘rlang’ in Rd xrefs
Flavor: r-devel-linux-x86_64-fedora-clang

Version: 0.10.0
Check: package dependencies
Result: ERROR
    Package required but not available: 'spdep'
    
    See section 'The DESCRIPTION file' in the 'Writing R Extensions'
    manual.
Flavor: r-devel-windows-x86_64-gcc10-UCRT