CRAN Package Check Results for Package rtemps

Last updated on 2021-09-18 08:50:57 CEST.

Flavor Version Tinstall Tcheck Ttotal Status Flags
r-devel-linux-x86_64-debian-clang 0.8.0 2.07 23.09 25.16 NOTE
r-devel-linux-x86_64-debian-gcc 0.8.0 1.63 17.85 19.48 NOTE
r-devel-linux-x86_64-fedora-clang 0.8.0 41.08 NOTE
r-devel-linux-x86_64-fedora-gcc 0.8.0 28.52 NOTE
r-devel-windows-x86_64 0.8.0 4.00 48.00 52.00 NOTE
r-devel-windows-x86_64-gcc10-UCRT 0.8.0 NOTE
r-patched-linux-x86_64 0.8.0 2.16 22.01 24.17 NOTE
r-patched-solaris-x86 0.8.0 46.10 NOTE
r-release-linux-x86_64 0.8.0 2.20 21.76 23.96 NOTE
r-release-macos-arm64 0.8.0 NOTE
r-release-macos-x86_64 0.8.0 NOTE
r-release-windows-ix86+x86_64 0.8.0 5.00 30.00 35.00 NOTE
r-oldrel-macos-x86_64 0.8.0 OK
r-oldrel-windows-ix86+x86_64 0.8.0 5.00 30.00 35.00 OK

Check Details

Version: 0.8.0
Check: LazyData
Result: NOTE
     'LazyData' is specified without a 'data' directory
Flavors: r-devel-linux-x86_64-debian-clang, r-devel-linux-x86_64-debian-gcc, r-devel-linux-x86_64-fedora-clang, r-devel-linux-x86_64-fedora-gcc, r-devel-windows-x86_64, r-devel-windows-x86_64-gcc10-UCRT, r-patched-linux-x86_64, r-patched-solaris-x86, r-release-linux-x86_64, r-release-macos-arm64, r-release-macos-x86_64, r-release-windows-ix86+x86_64