CRAN Package Check Results for Package rsvg

Last updated on 2021-10-20 07:49:59 CEST.

Flavor Version Tinstall Tcheck Ttotal Status Flags
r-devel-linux-x86_64-debian-clang 2.1.2 2.77 29.91 32.68 OK
r-devel-linux-x86_64-debian-gcc 2.1.2 2.28 23.24 25.52 OK
r-devel-linux-x86_64-fedora-clang 2.1.2 50.79 OK
r-devel-linux-x86_64-fedora-gcc 2.1.2 39.52 OK
r-devel-windows-x86_64 2.1.2 20.00 113.00 133.00 NOTE
r-devel-windows-x86_64-gcc10-UCRT 2.1.2 OK
r-patched-linux-x86_64 2.1.2 2.94 27.50 30.44 OK
r-release-linux-x86_64 2.1.2 2.55 27.75 30.30 OK
r-release-macos-arm64 2.1.2 NOTE
r-release-macos-x86_64 2.1.2 NOTE
r-release-windows-ix86+x86_64 2.1.2 26.00 214.00 240.00 NOTE
r-oldrel-macos-x86_64 2.1.2 NOTE
r-oldrel-windows-ix86+x86_64 2.1.2 46.00 206.00 252.00 NOTE

Check Details

Version: 2.1.2
Check: installed package size
Result: NOTE
     installed size is 15.1Mb
     sub-directories of 1Mb or more:
     libs 14.7Mb
Flavors: r-devel-windows-x86_64, r-release-macos-arm64, r-release-macos-x86_64, r-release-windows-ix86+x86_64, r-oldrel-macos-x86_64, r-oldrel-windows-ix86+x86_64