CRAN Package Check Results for Package rstantools

Last updated on 2021-06-21 07:48:59 CEST.

Flavor Version Tinstall Tcheck Ttotal Status Flags
r-devel-linux-x86_64-debian-clang 2.1.1 2.84 41.25 44.09 NOTE
r-devel-linux-x86_64-debian-gcc 2.1.1 2.32 31.01 33.33 NOTE
r-devel-linux-x86_64-fedora-clang 2.1.1 59.80 NOTE
r-devel-linux-x86_64-fedora-gcc 2.1.1 50.76 NOTE
r-devel-windows-x86_64 2.1.1 5.00 54.00 59.00 NOTE
r-devel-windows-x86_64-gcc10-UCRT 2.1.1 ERROR
r-patched-linux-x86_64 2.1.1 5.39 39.28 44.67 NOTE
r-patched-solaris-x86 2.1.1 74.40 NOTE
r-release-linux-x86_64 2.1.1 2.47 38.48 40.95 NOTE
r-release-macos-arm64 2.1.1 NOTE
r-release-macos-x86_64 2.1.1 NOTE
r-release-windows-ix86+x86_64 2.1.1 6.00 66.00 72.00 NOTE
r-oldrel-macos-x86_64 2.1.1 NOTE

Check Details

Version: 2.1.1
Check: LazyData
Result: NOTE
     'LazyData' is specified without a 'data' directory
Flavors: r-devel-linux-x86_64-debian-clang, r-devel-linux-x86_64-debian-gcc, r-devel-linux-x86_64-fedora-clang, r-devel-linux-x86_64-fedora-gcc, r-devel-windows-x86_64, r-devel-windows-x86_64-gcc10-UCRT, r-patched-linux-x86_64, r-patched-solaris-x86, r-release-linux-x86_64, r-release-macos-arm64, r-release-macos-x86_64, r-release-windows-ix86+x86_64

Version: 2.1.1
Check: dependencies in R code
Result: NOTE
    Namespace in Imports field not imported from: ‘RcppParallel’
     All declared Imports should be used.
Flavors: r-devel-linux-x86_64-fedora-clang, r-devel-linux-x86_64-fedora-gcc, r-devel-windows-x86_64-gcc10-UCRT, r-patched-solaris-x86, r-release-macos-arm64, r-release-macos-x86_64, r-oldrel-macos-x86_64

Version: 2.1.1
Check: package dependencies
Result: NOTE
    Packages suggested but not available for checking: 'rstan', 'usethis'
Flavor: r-devel-windows-x86_64-gcc10-UCRT

Version: 2.1.1
Check: Rd cross-references
Result: NOTE
    Package unavailable to check Rd xrefs: 'usethis'
Flavor: r-devel-windows-x86_64-gcc10-UCRT

Version: 2.1.1
Check: tests
Result: ERROR
     Running 'testthat.R'
    Running the tests in 'tests/testthat.R' failed.
    Last 13 lines of output:
     == Failed tests ================================================================
     -- Error (test-rstan_config.R:40:1): (code run outside of `test_that()`) -------
     Error: Please install package 'usethis' to use function 'rstan_create_package'.
     Backtrace:
     x
     1. \-rstantools::rstan_create_package(...) test-rstan_config.R:40:0
     -- Error (test-rstan_create_package.R:63:5): (code run outside of `test_that()`) --
     Error: Please install package 'usethis' to use function 'rstan_create_package'.
     Backtrace:
     x
     1. \-rstantools::rstan_create_package(...) test-rstan_create_package.R:63:4
    
     [ FAIL 2 | WARN 2 | SKIP 0 | PASS 41 ]
     Error: Test failures
     Execution halted
Flavor: r-devel-windows-x86_64-gcc10-UCRT