CRAN Package Check Results for Package rsample

Last updated on 2021-09-21 07:50:33 CEST.

Flavor Version Tinstall Tcheck Ttotal Status Flags
r-devel-linux-x86_64-debian-clang 0.1.0 8.69 190.56 199.25 OK
r-devel-linux-x86_64-debian-gcc 0.1.0 6.41 136.79 143.20 OK
r-devel-linux-x86_64-fedora-clang 0.1.0 228.81 OK
r-devel-linux-x86_64-fedora-gcc 0.1.0 224.28 OK
r-devel-windows-x86_64 0.1.0 10.00 183.00 193.00 OK
r-devel-windows-x86_64-gcc10-UCRT 0.1.0 ERROR
r-patched-linux-x86_64 0.1.0 9.27 179.06 188.33 OK
r-patched-solaris-x86 0.1.0 300.00 OK
r-release-linux-x86_64 0.1.0 8.04 179.05 187.09 OK
r-release-macos-arm64 0.1.0 OK
r-release-macos-x86_64 0.1.0 OK
r-release-windows-ix86+x86_64 0.1.0 17.00 180.00 197.00 OK
r-oldrel-macos-x86_64 0.1.0 OK
r-oldrel-windows-ix86+x86_64 0.1.0 19.00 178.00 197.00 OK

Check Details

Version: 0.1.0
Check: whether package can be installed
Result: WARN
    Found the following significant warnings:
     WARNING: installation-time patches will not be applied, could not get the patches index
Flavor: r-devel-windows-x86_64-gcc10-UCRT

Version: 0.1.0
Check: PDF version of manual
Result: WARN
    LaTeX errors when creating PDF version.
    This typically indicates Rd problems.
Flavor: r-devel-windows-x86_64-gcc10-UCRT

Version: 0.1.0
Check: PDF version of manual without hyperrefs or index
Result: ERROR
    Re-running with no redirection of stdout/stderr.
Flavor: r-devel-windows-x86_64-gcc10-UCRT