CRAN Package Check Results for Package rrr

Last updated on 2022-01-24 08:52:57 CET.

Flavor Version Tinstall Tcheck Ttotal Status Flags
r-devel-linux-x86_64-debian-clang 1.0.0 7.95 106.82 114.77 OK
r-devel-linux-x86_64-debian-gcc 1.0.0 6.35 78.61 84.96 OK
r-devel-linux-x86_64-fedora-clang 1.0.0 136.30 NOTE
r-devel-linux-x86_64-fedora-gcc 1.0.0 119.76 NOTE
r-devel-windows-x86_64-new-UL 1.0.0 19.00 138.00 157.00 OK
r-devel-windows-x86_64-new-TK 1.0.0 NOTE
r-patched-linux-x86_64 1.0.0 7.55 97.97 105.52 OK
r-release-linux-x86_64 1.0.0 4.79 97.08 101.87 OK
r-release-macos-arm64 1.0.0 NOTE
r-release-macos-x86_64 1.0.0 NOTE
r-release-windows-ix86+x86_64 1.0.0 17.00 122.00 139.00 OK
r-oldrel-macos-x86_64 1.0.0 NOTE
r-oldrel-windows-ix86+x86_64 1.0.0 17.00 121.00 138.00 OK

Check Details

Version: 1.0.0
Check: dependencies in R code
Result: NOTE
    Namespace in Imports field not imported from: ‘Rcpp’
     All declared Imports should be used.
Flavors: r-devel-linux-x86_64-fedora-clang, r-devel-linux-x86_64-fedora-gcc, r-devel-windows-x86_64-new-TK, r-release-macos-arm64, r-release-macos-x86_64, r-oldrel-macos-x86_64