CRAN Package Check Results for Package rpivotTable

Last updated on 2021-08-05 07:49:47 CEST.

Flavor Version Tinstall Tcheck Ttotal Status Flags
r-devel-linux-x86_64-debian-clang 0.3.0 2.54 31.74 34.28 OK
r-devel-linux-x86_64-debian-gcc 0.3.0 1.87 25.02 26.89 OK
r-devel-linux-x86_64-fedora-clang 0.3.0 50.54 OK
r-devel-linux-x86_64-fedora-gcc 0.3.0 40.28 OK
r-devel-windows-x86_64 0.3.0 4.00 51.00 55.00 OK
r-devel-windows-x86_64-gcc10-UCRT 0.3.0 ERROR
r-patched-linux-x86_64 0.3.0 2.61 30.26 32.87 OK
r-patched-solaris-x86 0.3.0 60.70 WARN
r-release-linux-x86_64 0.3.0 2.31 30.31 32.62 OK
r-release-macos-arm64 0.3.0 WARN
r-release-macos-x86_64 0.3.0 WARN
r-release-windows-ix86+x86_64 0.3.0 6.00 53.00 59.00 OK
r-oldrel-macos-x86_64 0.3.0 WARN
r-oldrel-windows-ix86+x86_64 0.3.0 5.00 50.00 55.00 OK

Check Details

Version: 0.3.0
Check: package dependencies
Result: NOTE
    Packages suggested but not available for checking:
     'testthat', 'devtools', 'dplyr'
Flavor: r-devel-windows-x86_64-gcc10-UCRT

Version: 0.3.0
Check: tests
Result: ERROR
     Running 'testthat.R'
    Running the tests in 'tests/testthat.R' failed.
    Complete output:
     > library(testthat)
     Error in library(testthat) : there is no package called 'testthat'
     Execution halted
Flavor: r-devel-windows-x86_64-gcc10-UCRT

Version: 0.3.0
Check: re-building of vignette outputs
Result: WARN
    Error(s) in re-building vignettes:
    --- re-building 'NEWS.Rmd' using rmarkdown
    --- finished re-building 'NEWS.Rmd'
    
    --- re-building 'rpivotTableIntroduction.Rmd' using rmarkdown
    Quitting from lines 103-110 (rpivotTableIntroduction.Rmd)
    Error: processing vignette 'rpivotTableIntroduction.Rmd' failed with diagnostics:
    there is no package called 'dplyr'
    --- failed re-building 'rpivotTableIntroduction.Rmd'
    
    SUMMARY: processing the following file failed:
     'rpivotTableIntroduction.Rmd'
    
    Error: Vignette re-building failed.
    Execution halted
Flavor: r-devel-windows-x86_64-gcc10-UCRT

Version: 0.3.0
Check: re-building of vignette outputs
Result: WARN
    Error(s) in re-building vignettes:
     ...
    --- re-building ‘NEWS.Rmd’ using rmarkdown
    Warning in engine$weave(file, quiet = quiet, encoding = enc) :
     Pandoc (>= 1.12.3) not available. Falling back to R Markdown v1.
    --- finished re-building ‘NEWS.Rmd’
    
    --- re-building ‘rpivotTableIntroduction.Rmd’ using rmarkdown
    Warning in engine$weave(file, quiet = quiet, encoding = enc) :
     Pandoc (>= 1.12.3) not available. Falling back to R Markdown v1.
    Quitting from lines 51-53 (rpivotTableIntroduction.Rmd)
    Error: processing vignette 'rpivotTableIntroduction.Rmd' failed with diagnostics:
    there is no package called 'webshot'
    --- failed re-building ‘rpivotTableIntroduction.Rmd’
    
    SUMMARY: processing the following file failed:
     ‘rpivotTableIntroduction.Rmd’
    
    Error: Vignette re-building failed.
    Execution halted
Flavor: r-patched-solaris-x86

Version: 0.3.0
Check: re-building of vignette outputs
Result: WARN
    Error(s) in re-building vignettes:
     ...
    --- re-building ‘NEWS.Rmd’ using rmarkdown
    Warning in engine$weave(file, quiet = quiet, encoding = enc) :
     Pandoc (>= 1.12.3) not available. Falling back to R Markdown v1.
    --- finished re-building ‘NEWS.Rmd’
    
    --- re-building ‘rpivotTableIntroduction.Rmd’ using rmarkdown
    Warning in engine$weave(file, quiet = quiet, encoding = enc) :
     Pandoc (>= 1.12.3) not available. Falling back to R Markdown v1.
    Quitting from lines 51-53 (rpivotTableIntroduction.Rmd)
    Error: processing vignette 'rpivotTableIntroduction.Rmd' failed with diagnostics:
    invalid 'path' argument
    --- failed re-building ‘rpivotTableIntroduction.Rmd’
    
    SUMMARY: processing the following file failed:
     ‘rpivotTableIntroduction.Rmd’
    
    Error: Vignette re-building failed.
    Execution halted
Flavors: r-release-macos-arm64, r-release-macos-x86_64

Version: 0.3.0
Check: re-building of vignette outputs
Result: WARN
    Error(s) in re-building vignettes:
     ...
    --- re-building ‘NEWS.Rmd’ using rmarkdown
    Warning in engine$weave(file, quiet = quiet, encoding = enc) :
     Pandoc (>= 1.12.3) and/or pandoc-citeproc not available. Falling back to R Markdown v1.
    --- finished re-building ‘NEWS.Rmd’
    
    --- re-building ‘rpivotTableIntroduction.Rmd’ using rmarkdown
    Warning in engine$weave(file, quiet = quiet, encoding = enc) :
     Pandoc (>= 1.12.3) and/or pandoc-citeproc not available. Falling back to R Markdown v1.
    Quitting from lines 51-53 (rpivotTableIntroduction.Rmd)
    Error: processing vignette 'rpivotTableIntroduction.Rmd' failed with diagnostics:
    cannot open the connection
    --- failed re-building ‘rpivotTableIntroduction.Rmd’
    
    SUMMARY: processing the following file failed:
     ‘rpivotTableIntroduction.Rmd’
    
    Error: Vignette re-building failed.
    Execution halted
Flavor: r-oldrel-macos-x86_64