CRAN Package Check Results for Package routr

Last updated on 2021-05-06 07:48:29 CEST.

Flavor Version Tinstall Tcheck Ttotal Status Flags
r-devel-linux-x86_64-debian-clang 0.4.0 5.76 36.91 42.67 NOTE
r-devel-linux-x86_64-debian-gcc 0.4.0 4.79 28.50 33.29 NOTE
r-devel-linux-x86_64-fedora-clang 0.4.0 59.55 NOTE
r-devel-linux-x86_64-fedora-gcc 0.4.0 49.64 NOTE
r-devel-windows-ix86+x86_64 0.4.0 9.00 55.00 64.00 NOTE
r-devel-windows-x86_64-gcc10-UCRT 0.4.0 NOTE
r-patched-linux-x86_64 0.4.0 4.90 35.01 39.91 NOTE
r-patched-solaris-x86 0.4.0 78.50 NOTE
r-release-linux-x86_64 0.4.0 5.17 34.90 40.07 OK
r-release-macos-x86_64 0.4.0 NOTE
r-release-windows-ix86+x86_64 0.4.0 8.00 44.00 52.00 OK
r-oldrel-macos-x86_64 0.4.0 NOTE
r-oldrel-windows-ix86+x86_64 0.4.0 10.00 54.00 64.00 OK

Check Details

Version: 0.4.0
Check: LazyData
Result: NOTE
     'LazyData' is specified without a 'data' directory
Flavors: r-devel-linux-x86_64-debian-clang, r-devel-linux-x86_64-debian-gcc, r-devel-linux-x86_64-fedora-clang, r-devel-linux-x86_64-fedora-gcc, r-devel-windows-ix86+x86_64, r-devel-windows-x86_64-gcc10-UCRT, r-patched-linux-x86_64

Version: 0.4.0
Check: dependencies in R code
Result: NOTE
    Namespaces in Imports field not imported from:
     ‘httpuv’ ‘utils’
     All declared Imports should be used.
Flavors: r-devel-linux-x86_64-fedora-clang, r-devel-linux-x86_64-fedora-gcc, r-devel-windows-x86_64-gcc10-UCRT, r-patched-solaris-x86, r-release-macos-x86_64, r-oldrel-macos-x86_64