CRAN Package Check Results for Package ropercenter

Last updated on 2021-06-15 08:50:07 CEST.

Flavor Version Tinstall Tcheck Ttotal Status Flags
r-devel-linux-x86_64-debian-clang 0.3.1 7.44 65.22 72.66 NOTE
r-devel-linux-x86_64-debian-gcc 0.3.1 5.24 49.26 54.50 NOTE
r-devel-linux-x86_64-fedora-clang 0.3.1 93.85 NOTE
r-devel-linux-x86_64-fedora-gcc 0.3.1 83.38 NOTE
r-devel-windows-x86_64 0.3.1 12.00 85.00 97.00 NOTE
r-devel-windows-x86_64-gcc10-UCRT 0.3.1 NOTE
r-patched-linux-x86_64 0.3.1 7.02 61.90 68.92 NOTE
r-patched-solaris-x86 0.3.1 126.60 NOTE
r-release-linux-x86_64 0.3.1 5.80 62.80 68.60 NOTE
r-release-macos-arm64 0.3.1 NOTE
r-release-macos-x86_64 0.3.1 NOTE
r-release-windows-ix86+x86_64 0.3.1 18.00 85.00 103.00 NOTE
r-oldrel-macos-x86_64 0.3.1 OK
r-oldrel-windows-ix86+x86_64 0.3.1 19.00 93.00 112.00 OK

Check Details

Version: 0.3.1
Check: LazyData
Result: NOTE
     'LazyData' is specified without a 'data' directory
Flavors: r-devel-linux-x86_64-debian-clang, r-devel-linux-x86_64-debian-gcc, r-devel-linux-x86_64-fedora-clang, r-devel-linux-x86_64-fedora-gcc, r-devel-windows-x86_64, r-devel-windows-x86_64-gcc10-UCRT, r-patched-linux-x86_64, r-patched-solaris-x86, r-release-linux-x86_64, r-release-macos-arm64, r-release-macos-x86_64, r-release-windows-ix86+x86_64

Version: 0.3.1
Check: Rd cross-references
Result: NOTE
    Undeclared package ‘readroper’ in Rd xrefs
Flavor: r-devel-linux-x86_64-fedora-clang