CRAN Package Check Results for Package robustHD

Last updated on 2021-07-27 07:50:40 CEST.

Flavor Version Tinstall Tcheck Ttotal Status Flags
r-devel-linux-x86_64-debian-clang 0.6.1 132.11 114.30 246.41 OK
r-devel-linux-x86_64-debian-gcc 0.6.1 86.77 85.41 172.18 OK
r-devel-linux-x86_64-fedora-clang 0.6.1 326.39 NOTE
r-devel-linux-x86_64-fedora-gcc 0.6.1 301.65 OK
r-devel-windows-x86_64 0.6.1 156.00 151.00 307.00 OK
r-devel-windows-x86_64-gcc10-UCRT 0.6.1 OK
r-patched-linux-x86_64 0.6.1 103.89 107.06 210.95 OK
r-patched-solaris-x86 0.6.1 322.20 OK
r-release-linux-x86_64 0.6.1 88.86 106.97 195.83 OK
r-release-macos-arm64 0.6.1 NOTE
r-release-macos-x86_64 0.6.1 NOTE
r-release-windows-ix86+x86_64 0.6.1 297.00 178.00 475.00 OK
r-oldrel-macos-x86_64 0.6.1 NOTE
r-oldrel-windows-ix86+x86_64 0.6.1 228.00 206.00 434.00 OK

Check Details

Version: 0.6.1
Check: installed package size
Result: NOTE
     installed size is 6.2Mb
     sub-directories of 1Mb or more:
     libs 5.6Mb
Flavors: r-devel-linux-x86_64-fedora-clang, r-release-macos-arm64, r-release-macos-x86_64, r-oldrel-macos-x86_64