CRAN Package Check Results for Package robust

Last updated on 2021-10-21 07:50:08 CEST.

Flavor Version Tinstall Tcheck Ttotal Status Flags
r-devel-linux-x86_64-debian-clang 0.5-0.0 24.94 88.59 113.53 WARN
r-devel-linux-x86_64-debian-gcc 0.5-0.0 19.36 66.07 85.43 WARN
r-devel-linux-x86_64-fedora-clang 0.5-0.0 147.25 WARN
r-devel-linux-x86_64-fedora-gcc 0.5-0.0 20.98 ERROR
r-devel-windows-x86_64 0.5-0.0 19.00 7.00 26.00 ERROR
r-devel-windows-x86_64-gcc10-UCRT 0.5-0.0 ERROR
r-patched-linux-x86_64 0.5-0.0 25.75 85.50 111.25 OK
r-patched-solaris-x86 0.5-0.0 176.80 ERROR
r-release-linux-x86_64 0.5-0.0 23.29 85.33 108.62 OK
r-release-macos-arm64 0.5-0.0 OK
r-release-macos-x86_64 0.5-0.0 OK
r-release-windows-ix86+x86_64 0.5-0.0 45.00 151.00 196.00 OK
r-oldrel-macos-x86_64 0.5-0.0 OK
r-oldrel-windows-ix86+x86_64 0.5-0.0 61.00 166.00 227.00 OK

Additional issues

M1mac M1mac

Check Details

Version: 0.5-0.0
Check: whether package can be installed
Result: WARN
    Found the following significant warnings:
     compatibility.c:31:2: warning: implicit declaration of function 'error' is invalid in C99 [-Wimplicit-function-declaration]
     compatibility.c:37:2: warning: implicit declaration of function 'error' is invalid in C99 [-Wimplicit-function-declaration]
     compatibility.c:47:3: warning: implicit declaration of function 'error' is invalid in C99 [-Wimplicit-function-declaration]
Flavors: r-devel-linux-x86_64-debian-clang, r-devel-linux-x86_64-fedora-clang

Version: 0.5-0.0
Check: whether package can be installed
Result: WARN
    Found the following significant warnings:
     compatibility.c:31:9: warning: implicit declaration of function ‘error’; did you mean ‘perror’? [-Wimplicit-function-declaration]
Flavor: r-devel-linux-x86_64-debian-gcc

Version: 0.5-0.0
Check: whether package can be installed
Result: ERROR
    Installation failed.
Flavors: r-devel-linux-x86_64-fedora-gcc, r-devel-windows-x86_64, r-devel-windows-x86_64-gcc10-UCRT

Version: 0.5-0.0
Check: examples
Result: ERROR
    Running examples in ‘robust-Ex.R’ failed
    The error most likely occurred in:
    
    > ### Name: overlaidDenPlot.fdfm
    > ### Title: Overlaid Density Plot
    > ### Aliases: overlaidDenPlot.fdfm
    > ### Keywords: hplot
    >
    > ### ** Examples
    >
    > data(los, package="robustbase")
    > los.fm <- fit.models(c(Robust = "fitdstnRob", MLE = "fitdstn"),
    + x = los, densfun = "gamma")
    
     *** caught segfault ***
    address 4, cause 'memory not mapped'
    
    Traceback:
     1: Tabgamma(b1, b2, alpha1, alpha2, k, A, maxta, maxtc, maxit, til, tol)
     2: gammaRob(x, ...)
     3: fitdstnRob(x = los, densfun = "gamma")
     4: eval(model.call, sys.parent())
     5: eval(model.call, sys.parent())
     6: fit.models(c(Robust = "fitdstnRob", MLE = "fitdstn"), x = los, densfun = "gamma")
    An irrecoverable exception occurred. R is aborting now ...
Flavor: r-patched-solaris-x86