CRAN Package Check Results for Package rnoaa

Last updated on 2021-06-24 07:50:25 CEST.

Flavor Version Tinstall Tcheck Ttotal Status Flags
r-devel-linux-x86_64-debian-clang 1.3.4 12.09 95.80 107.89 OK
r-devel-linux-x86_64-debian-gcc 1.3.4 9.98 70.59 80.57 OK
r-devel-linux-x86_64-fedora-clang 1.3.4 137.14 OK
r-devel-linux-x86_64-fedora-gcc 1.3.4 123.02 OK
r-devel-windows-x86_64 1.3.4 18.00 102.00 120.00 OK
r-devel-windows-x86_64-gcc10-UCRT 1.3.4 ERROR
r-patched-linux-x86_64 1.3.4 18.09 89.36 107.45 OK
r-patched-solaris-x86 1.3.4 170.50 OK
r-release-linux-x86_64 1.3.4 12.42 90.30 102.72 OK
r-release-macos-arm64 1.3.4 OK
r-release-macos-x86_64 1.3.4 OK
r-release-windows-ix86+x86_64 1.3.4 18.00 89.00 107.00 OK
r-oldrel-macos-x86_64 1.3.4 OK

Check Details

Version: 1.3.4
Check: package dependencies
Result: ERROR
    Package required but not available: 'crul'
    
    Packages suggested but not available for checking:
     'taxize', 'ggmap', 'vcr', 'webmockr'
    
    See section 'The DESCRIPTION file' in the 'Writing R Extensions'
    manual.
Flavor: r-devel-windows-x86_64-gcc10-UCRT