CRAN Package Check Results for Package rms

Last updated on 2021-05-07 07:47:49 CEST.

Flavor Version Tinstall Tcheck Ttotal Status Flags
r-devel-linux-x86_64-debian-clang 6.2-0 39.37 286.54 325.91 OK
r-devel-linux-x86_64-debian-gcc 6.2-0 35.86 206.62 242.48 OK
r-devel-linux-x86_64-fedora-clang 6.2-0 397.48 OK
r-devel-linux-x86_64-fedora-gcc 6.2-0 406.61 OK
r-devel-windows-ix86+x86_64 6.2-0 84.00 424.00 508.00 OK
r-devel-windows-x86_64-gcc10-UCRT 6.2-0 OK
r-patched-linux-x86_64 6.2-0 46.60 269.29 315.89 OK
r-patched-solaris-x86 6.2-0 467.90 OK
r-release-linux-x86_64 6.2-0 34.02 255.45 289.47 OK
r-release-macos-x86_64 6.2-0 OK
r-release-windows-ix86+x86_64 6.2-0 60.00 314.00 374.00 OK
r-oldrel-macos-x86_64 6.2-0 NOTE
r-oldrel-windows-ix86+x86_64 6.2-0 73.00 390.00 463.00 OK

Check Details

Version: 6.2-0
Check: dependencies in R code
Result: NOTE
    No protocol specified
    No protocol specified
Flavor: r-oldrel-macos-x86_64