CRAN Package Check Results for Package rmoo

Last updated on 2021-09-19 07:50:43 CEST.

Flavor Version Tinstall Tcheck Ttotal Status Flags
r-devel-linux-x86_64-debian-clang 0.1.7 8.60 74.61 83.21 OK
r-devel-linux-x86_64-debian-gcc 0.1.7 7.39 55.17 62.56 OK
r-devel-linux-x86_64-fedora-clang 0.1.7 106.20 OK
r-devel-linux-x86_64-fedora-gcc 0.1.7 94.84 OK
r-devel-windows-x86_64 0.1.7 11.00 98.00 109.00 OK
r-devel-windows-x86_64-gcc10-UCRT 0.1.7 ERROR
r-patched-linux-x86_64 0.1.7 9.89 68.73 78.62 OK
r-patched-solaris-x86 0.1.7 113.20 OK
r-release-linux-x86_64 0.1.7 7.97 69.34 77.31 OK
r-release-macos-arm64 0.1.7 OK
r-release-macos-x86_64 0.1.7 OK
r-release-windows-ix86+x86_64 0.1.7 19.00 75.00 94.00 OK
r-oldrel-macos-x86_64 0.1.7 OK
r-oldrel-windows-ix86+x86_64 0.1.7 20.00 95.00 115.00 OK

Check Details

Version: 0.1.7
Check: whether package can be installed
Result: WARN
    Found the following significant warnings:
     WARNING: installation-time patches will not be applied, could not get the patches index
Flavor: r-devel-windows-x86_64-gcc10-UCRT

Version: 0.1.7
Check: PDF version of manual
Result: WARN
    LaTeX errors when creating PDF version.
    This typically indicates Rd problems.
Flavor: r-devel-windows-x86_64-gcc10-UCRT

Version: 0.1.7
Check: PDF version of manual without hyperrefs or index
Result: ERROR
    Re-running with no redirection of stdout/stderr.
Flavor: r-devel-windows-x86_64-gcc10-UCRT