CRAN Package Check Results for Package rmcfs

Last updated on 2021-07-25 07:50:15 CEST.

Flavor Version Tinstall Tcheck Ttotal Status Flags
r-devel-linux-x86_64-debian-clang 1.3.4 10.89 185.69 196.58 OK
r-devel-linux-x86_64-debian-gcc 1.3.4 8.93 145.51 154.44 OK
r-devel-linux-x86_64-fedora-clang 1.3.4 235.88 OK
r-devel-linux-x86_64-fedora-gcc 1.3.4 223.13 OK
r-devel-windows-x86_64 1.3.4 13.00 112.00 125.00 OK
r-devel-windows-x86_64-gcc10-UCRT 1.3.4 OK
r-patched-linux-x86_64 1.3.4 10.60 184.81 195.41 OK
r-patched-solaris-x86 1.3.4 309.00 NOTE
r-release-linux-x86_64 1.3.4 11.38 181.04 192.42 OK
r-release-macos-arm64 1.3.3 OK
r-release-macos-x86_64 1.3.4 OK
r-release-windows-ix86+x86_64 1.3.4 23.00 120.00 143.00 OK
r-oldrel-macos-x86_64 1.3.4 OK
r-oldrel-windows-ix86+x86_64 1.3.4 27.00 142.00 169.00 OK

Check Details

Version: 1.3.4
Check: installed package size
Result: NOTE
     installed size is 5.4Mb
     sub-directories of 1Mb or more:
     java 4.4Mb
Flavor: r-patched-solaris-x86