CRAN Package Check Results for Package rivr

Last updated on 2021-09-22 07:51:35 CEST.

Flavor Version Tinstall Tcheck Ttotal Status Flags
r-devel-linux-x86_64-debian-clang 1.2-3 24.38 50.26 74.64 OK
r-devel-linux-x86_64-debian-gcc 1.2-3 16.91 39.60 56.51 OK
r-devel-linux-x86_64-fedora-clang 1.2-3 106.36 OK
r-devel-linux-x86_64-fedora-gcc 1.2-3 94.82 OK
r-devel-windows-x86_64 1.2-3 23.00 70.00 93.00 OK
r-devel-windows-x86_64-gcc10-UCRT 1.2-3 ERROR
r-patched-linux-x86_64 1.2-3 19.68 48.98 68.66 OK
r-patched-solaris-x86 1.2-3 114.60 OK
r-release-linux-x86_64 1.2-3 19.20 50.06 69.26 OK
r-release-macos-arm64 1.2-3 OK
r-release-macos-x86_64 1.2-3 OK
r-release-windows-ix86+x86_64 1.2-3 57.00 77.00 134.00 OK
r-oldrel-macos-x86_64 1.2-3 OK
r-oldrel-windows-ix86+x86_64 1.2-3 67.00 77.00 144.00 OK

Check Details

Version: 1.2-3
Check: whether package can be installed
Result: ERROR
    Installation failed.
Flavor: r-devel-windows-x86_64-gcc10-UCRT