CRAN Package Check Results for Package riskParityPortfolio

Last updated on 2021-06-19 07:49:04 CEST.

Flavor Version Tinstall Tcheck Ttotal Status Flags
r-devel-linux-x86_64-debian-clang 0.2.2 91.46 53.09 144.55 OK
r-devel-linux-x86_64-debian-gcc 0.2.2 64.84 43.74 108.58 OK
r-devel-linux-x86_64-fedora-clang 0.2.2 210.90 NOTE
r-devel-linux-x86_64-fedora-gcc 0.2.2 188.36 OK
r-devel-windows-x86_64 0.2.2 107.00 87.00 194.00 OK
r-devel-windows-x86_64-gcc10-UCRT 0.2.2 OK
r-patched-linux-x86_64 0.2.2 75.17 55.68 130.85 OK
r-patched-solaris-x86 0.2.2 170.30 OK
r-release-linux-x86_64 0.2.2 77.03 54.90 131.93 OK
r-release-macos-arm64 0.2.2 NOTE
r-release-macos-x86_64 0.2.2 NOTE
r-release-windows-ix86+x86_64 0.2.2 203.00 106.00 309.00 OK
r-oldrel-macos-x86_64 0.2.2 NOTE
r-oldrel-windows-ix86+x86_64 0.2.2 146.00 115.00 261.00 OK

Check Details

Version: 0.2.2
Check: installed package size
Result: NOTE
     installed size is 23.9Mb
     sub-directories of 1Mb or more:
     doc 1.4Mb
     libs 22.3Mb
Flavors: r-devel-linux-x86_64-fedora-clang, r-release-macos-arm64, r-release-macos-x86_64, r-oldrel-macos-x86_64