CRAN Package Check Results for Package rhub

Last updated on 2021-10-27 07:56:19 CEST.

Flavor Version Tinstall Tcheck Ttotal Status Flags
r-devel-linux-x86_64-debian-clang 1.1.1 6.99 51.89 58.88 NOTE
r-devel-linux-x86_64-debian-gcc 1.1.1 4.61 38.87 43.48 NOTE
r-devel-linux-x86_64-fedora-clang 1.1.1 80.20 NOTE
r-devel-linux-x86_64-fedora-gcc 1.1.1 87.07 NOTE
r-devel-windows-x86_64 1.1.1 11.00 90.00 101.00 NOTE
r-devel-windows-x86_64-gcc10-UCRT 1.1.1 NOTE
r-patched-linux-x86_64 1.1.1 6.95 49.84 56.79 NOTE
r-patched-solaris-x86 1.1.1 102.60 NOTE
r-release-linux-x86_64 1.1.1 6.56 49.49 56.05 NOTE
r-release-macos-arm64 1.1.1 NOTE
r-release-macos-x86_64 1.1.1 NOTE
r-release-windows-ix86+x86_64 1.1.1 10.00 76.00 86.00 NOTE
r-oldrel-macos-x86_64 1.1.1 OK
r-oldrel-windows-ix86+x86_64 1.1.1 15.00 76.00 91.00 OK

Check Details

Version: 1.1.1
Check: LazyData
Result: NOTE
     'LazyData' is specified without a 'data' directory
Flavors: r-devel-linux-x86_64-debian-clang, r-devel-linux-x86_64-debian-gcc, r-devel-linux-x86_64-fedora-clang, r-devel-linux-x86_64-fedora-gcc, r-devel-windows-x86_64, r-devel-windows-x86_64-gcc10-UCRT, r-patched-linux-x86_64, r-patched-solaris-x86, r-release-linux-x86_64, r-release-macos-arm64, r-release-macos-x86_64, r-release-windows-ix86+x86_64