CRAN Package Check Results for Package rhub

Last updated on 2021-05-15 08:48:01 CEST.

Flavor Version Tinstall Tcheck Ttotal Status Flags
r-devel-linux-x86_64-debian-clang 1.1.1 6.88 52.61 59.49 NOTE
r-devel-linux-x86_64-debian-gcc 1.1.1 5.27 40.39 45.66 NOTE
r-devel-linux-x86_64-fedora-clang 1.1.1 83.28 NOTE
r-devel-linux-x86_64-fedora-gcc 1.1.1 84.02 NOTE
r-devel-windows-ix86+x86_64 1.1.1 15.00 56.00 71.00 NOTE
r-devel-windows-x86_64-gcc10-UCRT 1.1.1 NOTE
r-patched-linux-x86_64 1.1.1 6.15 50.99 57.14 NOTE
r-patched-solaris-x86 1.1.1 99.70 NOTE
r-release-linux-x86_64 1.1.1 5.91 49.93 55.84 OK
r-release-macos-x86_64 1.1.1 OK
r-release-windows-ix86+x86_64 1.1.1 12.00 82.00 94.00 OK
r-oldrel-macos-x86_64 1.1.1 OK
r-oldrel-windows-ix86+x86_64 1.1.1 7.00 73.00 80.00 OK

Check Details

Version: 1.1.1
Check: LazyData
Result: NOTE
     'LazyData' is specified without a 'data' directory
Flavors: r-devel-linux-x86_64-debian-clang, r-devel-linux-x86_64-debian-gcc, r-devel-linux-x86_64-fedora-clang, r-devel-linux-x86_64-fedora-gcc, r-devel-windows-ix86+x86_64, r-devel-windows-x86_64-gcc10-UCRT, r-patched-linux-x86_64, r-patched-solaris-x86