CRAN Package Check Results for Package rgeoda

Last updated on 2022-01-24 08:52:56 CET.

Flavor Version Tinstall Tcheck Ttotal Status Flags
r-devel-linux-x86_64-debian-clang 0.0.8-6 282.41 55.28 337.69 OK
r-devel-linux-x86_64-debian-gcc 0.0.8-6 209.59 49.13 258.72 OK
r-devel-linux-x86_64-fedora-clang 0.0.8-6 543.07 NOTE
r-devel-linux-x86_64-fedora-gcc 0.0.8-6 454.30 OK
r-devel-windows-x86_64-new-UL 0.0.8-6 357.00 128.00 485.00 OK
r-devel-windows-x86_64-new-TK 0.0.8-6 OK
r-patched-linux-x86_64 0.0.8-6 250.13 52.78 302.91 OK
r-release-linux-x86_64 0.0.8-6 244.17 52.87 297.04 OK
r-release-macos-arm64 0.0.8-6 NOTE
r-release-macos-x86_64 0.0.8-6 NOTE
r-release-windows-ix86+x86_64 0.0.8-6 671.00 127.00 798.00 NOTE
r-oldrel-macos-x86_64 0.0.8-6 NOTE
r-oldrel-windows-ix86+x86_64 0.0.8-6 676.00 124.00 800.00 NOTE

Check Details

Version: 0.0.8-6
Check: installed package size
Result: NOTE
     installed size is 25.6Mb
     sub-directories of 1Mb or more:
     libs 24.4Mb
Flavors: r-devel-linux-x86_64-fedora-clang, r-release-macos-arm64, r-release-macos-x86_64, r-release-windows-ix86+x86_64, r-oldrel-macos-x86_64, r-oldrel-windows-ix86+x86_64