CRAN Package Check Results for Package rgdal

Last updated on 2021-06-25 08:50:12 CEST.

Flavor Version Tinstall Tcheck Ttotal Status Flags
r-devel-linux-x86_64-debian-clang 1.5-23 49.17 137.60 186.77 OK
r-devel-linux-x86_64-debian-gcc 1.5-23 28.77 107.19 135.96 OK
r-devel-linux-x86_64-fedora-clang 1.5-23 231.23 NOTE
r-devel-linux-x86_64-fedora-gcc 1.5-23 217.43 OK
r-devel-windows-x86_64 1.5-23 95.00 289.00 384.00 NOTE
r-devel-windows-x86_64-gcc10-UCRT 1.5-23 OK
r-patched-linux-x86_64 1.5-23 38.09 132.57 170.66 OK
r-patched-solaris-x86 1.5-23 240.70 NOTE
r-release-linux-x86_64 1.5-23 37.23 133.55 170.78 OK
r-release-macos-arm64 1.5-23 NOTE
r-release-macos-x86_64 1.5-23 NOTE
r-release-windows-ix86+x86_64 1.5-23 149.00 627.00 776.00 NOTE
r-oldrel-macos-x86_64 1.5-23 NOTE
r-oldrel-windows-ix86+x86_64 1.5-23 151.00 628.00 779.00 NOTE

Check Details

Version: 1.5-23
Check: installed package size
Result: NOTE
     installed size is 7.9Mb
     sub-directories of 1Mb or more:
     doc 3.4Mb
     pictures 1.3Mb
Flavors: r-devel-linux-x86_64-fedora-clang, r-devel-windows-x86_64, r-patched-solaris-x86, r-release-macos-arm64, r-release-macos-x86_64, r-release-windows-ix86+x86_64, r-oldrel-macos-x86_64, r-oldrel-windows-ix86+x86_64

Version: 1.5-23
Check: package dependencies
Result: NOTE
    Package suggested but not available for checking: ‘mapview’
Flavor: r-release-macos-arm64